Last updated on 2024-04-18 01:55:10 CEST.
Flavor | Version | Tinstall | Tcheck | Ttotal | Status | Flags |
---|---|---|---|---|---|---|
r-devel-linux-x86_64-debian-clang | 1.2.4 | 6.81 | 65.96 | 72.77 | OK | |
r-devel-linux-x86_64-debian-gcc | 1.2.4 | 6.32 | 49.58 | 55.90 | OK | |
r-devel-linux-x86_64-fedora-clang | 1.2.4 | 93.04 | NOTE | |||
r-devel-linux-x86_64-fedora-gcc | 1.2.4 | 98.99 | NOTE | |||
r-prerel-macos-arm64 | 1.2.4 | 37.00 | OK | |||
r-prerel-windows-x86_64 | 1.2.4 | 9.00 | 75.00 | 84.00 | OK | |
r-patched-linux-x86_64 | 1.2.4 | 8.25 | 61.97 | 70.22 | OK | |
r-release-linux-x86_64 | 1.2.4 | 6.59 | 63.61 | 70.20 | OK | |
r-release-macos-arm64 | 1.2.4 | 41.00 | OK | |||
r-release-macos-x86_64 | 1.2.4 | 66.00 | OK | |||
r-release-windows-x86_64 | 1.2.4 | 11.00 | 86.00 | 97.00 | OK | |
r-oldrel-macos-arm64 | 1.2.4 | 38.00 | OK | |||
r-oldrel-windows-x86_64 | 1.2.4 | 11.00 | 88.00 | 99.00 | OK |
Version: 1.2.4
Check: dependencies in R code
Result: NOTE
Namespaces in Imports field not imported from:
‘knitr’ ‘rmarkdown’
All declared Imports should be used.
Flavors: r-devel-linux-x86_64-fedora-clang, r-devel-linux-x86_64-fedora-gcc