CRAN Package Check Results for Package cotrend

Last updated on 2025-10-06 01:49:41 CEST.

Flavor Version Tinstall Tcheck Ttotal Status Flags
r-devel-linux-x86_64-debian-clang 1.0.2 2.28 23.08 25.36 NOTE
r-devel-linux-x86_64-debian-gcc 1.0.2 1.76 18.99 20.75 NOTE
r-devel-linux-x86_64-fedora-clang 1.0.2 35.12 OK
r-devel-linux-x86_64-fedora-gcc 1.0.2 34.33 OK
r-devel-windows-x86_64 1.0.2 3.00 44.00 47.00 OK
r-patched-linux-x86_64 1.0.2 2.27 21.89 24.16 OK
r-release-linux-x86_64 1.0.2 2.24 21.57 23.81 OK
r-release-macos-arm64 1.0.2 20.00 OK
r-release-macos-x86_64 1.0.2 25.00 OK
r-release-windows-x86_64 1.0.2 4.00 42.00 46.00 OK
r-oldrel-macos-arm64 1.0.2 17.00 OK
r-oldrel-macos-x86_64 1.0.2 22.00 OK
r-oldrel-windows-x86_64 1.0.2 3.00 47.00 50.00 OK

Check Details

Version: 1.0.2
Check: CRAN incoming feasibility
Result: NOTE Maintainer: ‘A. Christian Silva <a.christian.silva@gmail.com>’ No Authors@R field in DESCRIPTION. Please add one, modifying Authors@R: person(given = c("A.", "Christian"), family = "Silva", role = c("aut", "cre"), email = "a.christian.silva@gmail.com") as necessary. Flavors: r-devel-linux-x86_64-debian-clang, r-devel-linux-x86_64-debian-gcc