Last updated on 2025-10-26 01:49:46 CEST.
| Flavor | Version | Tinstall | Tcheck | Ttotal | Status | Flags |
|---|---|---|---|---|---|---|
| r-devel-linux-x86_64-debian-clang | 0.9.1 | 2.21 | 80.46 | 82.67 | OK | |
| r-devel-linux-x86_64-debian-gcc | 0.9.1 | 1.65 | 55.13 | 56.78 | OK | |
| r-devel-linux-x86_64-fedora-clang | 0.9.1 | 88.22 | NOTE | |||
| r-devel-linux-x86_64-fedora-gcc | 0.9.1 | 135.12 | NOTE | |||
| r-devel-windows-x86_64 | 0.9.1 | 4.00 | 95.00 | 99.00 | OK | |
| r-patched-linux-x86_64 | 0.9.1 | 2.29 | 79.03 | 81.32 | OK | |
| r-release-linux-x86_64 | 0.9.1 | 2.15 | 77.51 | 79.66 | OK | |
| r-release-macos-arm64 | 0.9.1 | 1.00 | 38.00 | 39.00 | OK | |
| r-release-macos-x86_64 | 0.9.1 | 2.00 | 106.00 | 108.00 | OK | |
| r-release-windows-x86_64 | 0.9.1 | 5.00 | 98.00 | 103.00 | OK | |
| r-oldrel-macos-arm64 | 0.9.1 | 1.00 | 48.00 | 49.00 | NOTE | |
| r-oldrel-macos-x86_64 | 0.9.1 | 2.00 | 92.00 | 94.00 | NOTE | |
| r-oldrel-windows-x86_64 | 0.9.1 | 5.00 | 137.00 | 142.00 | NOTE |
Version: 0.9.1
Check: dependencies in R code
Result: NOTE
Namespace in Imports field not imported from: ‘jpeg’
All declared Imports should be used.
Flavors: r-devel-linux-x86_64-fedora-clang, r-devel-linux-x86_64-fedora-gcc
Version: 0.9.1
Check: LazyData
Result: NOTE
'LazyData' is specified without a 'data' directory
Flavors: r-oldrel-macos-arm64, r-oldrel-macos-x86_64, r-oldrel-windows-x86_64