Last updated on 2024-03-28 01:53:54 CET.
Flavor | Version | Tinstall | Tcheck | Ttotal | Status | Flags |
---|---|---|---|---|---|---|
r-devel-linux-x86_64-debian-clang | 1.4 | 6.76 | 91.97 | 98.73 | NOTE | |
r-devel-linux-x86_64-debian-gcc | 1.4 | 5.72 | 68.10 | 73.82 | NOTE | |
r-devel-linux-x86_64-fedora-clang | 1.4 | 131.94 | NOTE | |||
r-devel-linux-x86_64-fedora-gcc | 1.4 | 144.01 | NOTE | |||
r-devel-windows-x86_64 | 1.4 | 9.00 | 87.00 | 96.00 | NOTE | |
r-patched-linux-x86_64 | 1.4 | 7.07 | 88.15 | 95.22 | OK | |
r-release-linux-x86_64 | 1.4 | 6.08 | 86.82 | 92.90 | OK | |
r-release-macos-arm64 | 1.4 | 40.00 | OK | |||
r-release-macos-x86_64 | 1.4 | 64.00 | OK | |||
r-release-windows-x86_64 | 1.4 | 11.00 | 100.00 | 111.00 | OK | |
r-oldrel-macos-arm64 | 1.4 | 37.00 | OK | |||
r-oldrel-windows-x86_64 | 1.4 | 11.00 | 107.00 | 118.00 | OK |
Version: 1.4
Check: Rd files
Result: NOTE
checkRd: (-1) summary_fitlist.Rd:15: Lost braces in \itemize; \value handles \item{}{} directly
checkRd: (-1) summary_fitlist.Rd:16: Lost braces in \itemize; \value handles \item{}{} directly
checkRd: (-1) summary_fitlist.Rd:17: Lost braces in \itemize; \value handles \item{}{} directly
checkRd: (-1) summary_fitlist.Rd:18: Lost braces in \itemize; \value handles \item{}{} directly
checkRd: (-1) summary_fitlist.Rd:19: Lost braces in \itemize; \value handles \item{}{} directly
Flavors: r-devel-linux-x86_64-debian-clang, r-devel-linux-x86_64-debian-gcc, r-devel-linux-x86_64-fedora-clang, r-devel-linux-x86_64-fedora-gcc, r-devel-windows-x86_64