Last updated on 2024-04-24 01:52:06 CEST.
Flavor | Version | Tinstall | Tcheck | Ttotal | Status | Flags |
---|---|---|---|---|---|---|
r-devel-linux-x86_64-debian-clang | 0.4.4 | 29.24 | 33.41 | 62.65 | NOTE | |
r-devel-linux-x86_64-debian-gcc | 0.4.4 | 28.55 | 27.77 | 56.32 | NOTE | |
r-devel-linux-x86_64-fedora-clang | 0.4.4 | 82.88 | NOTE | |||
r-devel-linux-x86_64-fedora-gcc | 0.4.4 | 96.42 | NOTE | |||
r-prerel-macos-arm64 | 0.4.4 | 28.00 | NOTE | |||
r-prerel-windows-x86_64 | 0.4.4 | 35.00 | 53.00 | 88.00 | NOTE | |
r-patched-linux-x86_64 | 0.4.4 | 32.95 | 35.34 | 68.29 | NOTE | |
r-release-linux-x86_64 | 0.4.4 | 38.99 | 36.09 | 75.08 | NOTE | |
r-release-macos-arm64 | 0.4.4 | 32.00 | NOTE | |||
r-release-macos-x86_64 | 0.4.4 | 45.00 | NOTE | |||
r-release-windows-x86_64 | 0.4.4 | 42.00 | 75.00 | 117.00 | NOTE | |
r-oldrel-macos-arm64 | 0.4.4 | 30.00 | NOTE | |||
r-oldrel-windows-x86_64 | 0.4.4 | 32.00 | 74.00 | 106.00 | NOTE |
Version: 0.4.4
Check: LazyData
Result: NOTE
'LazyData' is specified without a 'data' directory
Flavors: r-devel-linux-x86_64-debian-clang, r-devel-linux-x86_64-debian-gcc, r-devel-linux-x86_64-fedora-clang, r-devel-linux-x86_64-fedora-gcc, r-prerel-macos-arm64, r-prerel-windows-x86_64, r-patched-linux-x86_64, r-release-linux-x86_64, r-release-macos-arm64, r-release-macos-x86_64, r-release-windows-x86_64, r-oldrel-macos-arm64, r-oldrel-windows-x86_64
Version: 0.4.4
Check: installed package size
Result: NOTE
installed size is 13.5Mb
sub-directories of 1Mb or more:
libs 13.0Mb
Flavors: r-prerel-macos-arm64, r-release-macos-arm64, r-release-macos-x86_64, r-oldrel-macos-arm64