Last updated on 2024-08-16 01:48:15 CEST.
Flavor | Version | Tinstall | Tcheck | Ttotal | Status | Flags |
---|---|---|---|---|---|---|
r-devel-linux-x86_64-debian-clang | 0.0.1 | 3.18 | 145.59 | 148.77 | OK | |
r-devel-linux-x86_64-debian-gcc | 0.0.1 | 2.21 | 103.33 | 105.54 | OK | |
r-devel-linux-x86_64-fedora-clang | 0.0.1 | 237.46 | OK | |||
r-devel-linux-x86_64-fedora-gcc | 0.0.1 | 238.23 | NOTE | |||
r-devel-windows-x86_64 | 0.0.1 | 5.00 | 194.00 | 199.00 | OK | |
r-patched-linux-x86_64 | 0.0.1 | 3.56 | 140.05 | 143.61 | OK | |
r-release-linux-x86_64 | 0.0.1 | 2.95 | 136.85 | 139.80 | OK | |
r-release-macos-arm64 | 0.0.1 | 99.00 | OK | |||
r-release-macos-x86_64 | 0.0.1 | 235.00 | OK | |||
r-release-windows-x86_64 | 0.0.1 | 5.00 | 192.00 | 197.00 | OK | |
r-oldrel-macos-arm64 | 0.0.1 | 120.00 | OK | |||
r-oldrel-macos-x86_64 | 0.0.1 | 257.00 | OK | |||
r-oldrel-windows-x86_64 | 0.0.1 | 5.00 | 246.00 | 251.00 | OK |
Version: 0.0.1
Check: for non-standard things in the check directory
Result: NOTE
Found the following files/directories:
‘examplepkg’
Flavor: r-devel-linux-x86_64-fedora-gcc