Last updated on 2024-03-29 01:51:02 CET.
Flavor | Version | Tinstall | Tcheck | Ttotal | Status | Flags |
---|---|---|---|---|---|---|
r-devel-linux-x86_64-debian-clang | 0.3.3 | 18.49 | 183.94 | 202.43 | OK | |
r-devel-linux-x86_64-debian-gcc | 0.3.3 | 13.07 | 137.31 | 150.38 | OK | |
r-devel-linux-x86_64-fedora-clang | 0.3.3 | 256.35 | NOTE | |||
r-devel-linux-x86_64-fedora-gcc | 0.3.3 | 257.56 | NOTE | |||
r-devel-windows-x86_64 | 0.3.3 | 15.00 | 158.00 | 173.00 | OK | |
r-patched-linux-x86_64 | 0.3.3 | 25.31 | 180.77 | 206.08 | OK | |
r-release-linux-x86_64 | 0.3.3 | 17.73 | 185.43 | 203.16 | OK | |
r-release-macos-arm64 | 0.3.3 | 86.00 | OK | |||
r-release-macos-x86_64 | 0.3.3 | 122.00 | OK | |||
r-release-windows-x86_64 | 0.3.3 | 19.00 | 196.00 | 215.00 | OK | |
r-oldrel-macos-arm64 | 0.3.3 | 92.00 | NOTE | |||
r-oldrel-windows-x86_64 | 0.3.3 | 21.00 | 197.00 | 218.00 | OK |
Version: 0.3.3
Check: dependencies in R code
Result: NOTE
Namespace in Imports field not imported from: ‘mediation’
All declared Imports should be used.
Flavors: r-devel-linux-x86_64-fedora-clang, r-devel-linux-x86_64-fedora-gcc, r-oldrel-macos-arm64