Last updated on 2024-04-19 01:58:39 CEST.
Flavor | Version | Tinstall | Tcheck | Ttotal | Status | Flags |
---|---|---|---|---|---|---|
r-devel-linux-x86_64-debian-clang | 1.0.1 | 8.84 | 69.47 | 78.31 | NOTE | |
r-devel-linux-x86_64-debian-gcc | 1.0.1 | 6.62 | 51.49 | 58.11 | NOTE | |
r-devel-linux-x86_64-fedora-clang | 1.0.1 | 96.46 | NOTE | |||
r-devel-linux-x86_64-fedora-gcc | 1.0.1 | 91.06 | NOTE | |||
r-prerel-macos-arm64 | 1.0.1 | 31.00 | NOTE | |||
r-prerel-windows-x86_64 | 1.0.1 | 13.00 | 67.00 | 80.00 | NOTE | |
r-patched-linux-x86_64 | 1.0.1 | 8.12 | 64.36 | 72.48 | NOTE | |
r-release-linux-x86_64 | 1.0.1 | 9.18 | 69.55 | 78.73 | OK | |
r-release-macos-arm64 | 1.0.1 | 33.00 | OK | |||
r-release-macos-x86_64 | 1.0.1 | 55.00 | OK | |||
r-release-windows-x86_64 | 1.0.1 | 17.00 | 80.00 | 97.00 | OK | |
r-oldrel-macos-arm64 | 1.0.1 | 38.00 | OK | |||
r-oldrel-windows-x86_64 | 1.0.1 | 16.00 | 85.00 | 101.00 | OK |
Version: 1.0.1
Check: Rd files
Result: NOTE
checkRd: (-1) gen_data.Rd:21: Lost braces in \itemize; \value handles \item{}{} directly
checkRd: (-1) gen_data.Rd:22: Lost braces in \itemize; \value handles \item{}{} directly
checkRd: (-1) gen_data.Rd:23-24: Lost braces in \itemize; \value handles \item{}{} directly
checkRd: (-1) plot.coxr.Rd:36: Lost braces in \itemize; \value handles \item{}{} directly
checkRd: (-1) plot.coxr.Rd:37: Lost braces in \itemize; \value handles \item{}{} directly
checkRd: (-1) plot.coxr.Rd:38-39: Lost braces in \itemize; \value handles \item{}{} directly
Flavors: r-devel-linux-x86_64-debian-clang, r-devel-linux-x86_64-debian-gcc, r-devel-linux-x86_64-fedora-clang, r-devel-linux-x86_64-fedora-gcc, r-prerel-macos-arm64, r-prerel-windows-x86_64, r-patched-linux-x86_64