Last updated on 2022-08-12 01:50:00 CEST.
Flavor | Version | Tinstall | Tcheck | Ttotal | Status | Flags |
---|---|---|---|---|---|---|
r-devel-linux-x86_64-debian-clang | 1.0.3 | 39.97 | 193.41 | 233.38 | NOTE | |
r-devel-linux-x86_64-debian-gcc | 1.0.3 | 34.49 | 142.60 | 177.09 | NOTE | |
r-devel-linux-x86_64-fedora-clang | 1.0.3 | 300.98 | NOTE | |||
r-devel-linux-x86_64-fedora-gcc | 1.0.3 | 288.09 | NOTE | |||
r-devel-windows-x86_64 | 1.0.3 | 42.00 | 235.00 | 277.00 | NOTE | |
r-patched-linux-x86_64 | 1.0.3 | 38.50 | 184.76 | 223.26 | NOTE | |
r-release-linux-x86_64 | 1.0.3 | 37.63 | 179.79 | 217.42 | NOTE | |
r-release-macos-arm64 | 1.0.3 | 81.00 | NOTE | |||
r-release-macos-x86_64 | 1.0.3 | 147.00 | NOTE | |||
r-release-windows-x86_64 | 1.0.3 | 42.00 | 226.00 | 268.00 | NOTE | |
r-oldrel-macos-arm64 | 1.0.3 | 100.00 | NOTE | |||
r-oldrel-macos-x86_64 | 1.0.3 | 148.00 | NOTE | |||
r-oldrel-windows-ix86+x86_64 | 1.0.3 | 109.00 | 281.00 | 390.00 | NOTE |
Version: 1.0.3
Check: LazyData
Result: NOTE
'LazyData' is specified without a 'data' directory
Flavors: r-devel-linux-x86_64-debian-clang, r-devel-linux-x86_64-debian-gcc, r-devel-linux-x86_64-fedora-clang, r-devel-linux-x86_64-fedora-gcc, r-devel-windows-x86_64, r-patched-linux-x86_64, r-release-linux-x86_64, r-release-macos-arm64, r-release-macos-x86_64, r-release-windows-x86_64, r-oldrel-macos-arm64, r-oldrel-macos-x86_64, r-oldrel-windows-ix86+x86_64