Last updated on 2024-04-18 01:55:10 CEST.
Flavor | Version | Tinstall | Tcheck | Ttotal | Status | Flags |
---|---|---|---|---|---|---|
r-devel-linux-x86_64-debian-clang | 0.7-12 | 28.94 | 149.05 | 177.99 | OK | |
r-devel-linux-x86_64-debian-gcc | 0.7-12 | 18.24 | 108.24 | 126.48 | OK | |
r-devel-linux-x86_64-fedora-clang | 0.7-12 | 222.97 | OK | |||
r-devel-linux-x86_64-fedora-gcc | 0.7-12 | 221.71 | OK | |||
r-prerel-macos-arm64 | 0.7-12 | 66.00 | WARN | |||
r-prerel-windows-x86_64 | 0.7-12 | 26.00 | 137.00 | 163.00 | OK | |
r-patched-linux-x86_64 | 0.7-12 | 25.85 | 139.81 | 165.66 | OK | |
r-release-linux-x86_64 | 0.7-12 | 22.05 | 145.06 | 167.11 | OK | |
r-release-macos-arm64 | 0.7-12 | 76.00 | NOTE | |||
r-release-macos-x86_64 | 0.7-12 | 144.00 | OK | |||
r-release-windows-x86_64 | 0.7-12 | 33.00 | 158.00 | 191.00 | OK | |
r-oldrel-macos-arm64 | 0.7-12 | 76.00 | NOTE | |||
r-oldrel-windows-x86_64 | 0.7-12 | 35.00 | 169.00 | 204.00 | OK |
Version: 0.7-12
Check: re-building of vignette outputs
Result: WARN
Error(s) in re-building vignettes:
...
--- re-building ‘cplm.Rnw’ using Sweave
Loading required package: coda
Loading required package: Matrix
Loading required package: splines
Error: processing vignette 'cplm.Rnw' failed with diagnostics:
Running 'texi2dvi' on 'cplm.tex' failed.
LaTeX errors:
!pdfTeX error: pdflatex (file bbm10): Font bbm10 at 600 not found
==> Fatal error occurred, no output PDF file produced!
--- failed re-building ‘cplm.Rnw’
SUMMARY: processing the following file failed:
‘cplm.Rnw’
Error: Vignette re-building failed.
Execution halted
Flavor: r-prerel-macos-arm64
Version: 0.7-12
Check: re-building of vignette outputs
Result: NOTE
Error(s) in re-building vignettes:
...
--- re-building ‘cplm.Rnw’ using Sweave
Loading required package: coda
Loading required package: Matrix
Loading required package: splines
Error: processing vignette 'cplm.Rnw' failed with diagnostics:
Running 'texi2dvi' on 'cplm.tex' failed.
LaTeX errors:
!pdfTeX error: pdflatex (file bbm10): Font bbm10 at 600 not found
==> Fatal error occurred, no output PDF file produced!
--- failed re-building ‘cplm.Rnw’
SUMMARY: processing the following file failed:
‘cplm.Rnw’
Error: Vignette re-building failed.
Execution halted
Flavors: r-release-macos-arm64, r-oldrel-macos-arm64