Last updated on 2024-05-02 01:56:55 CEST.
Flavor | Version | Tinstall | Tcheck | Ttotal | Status | Flags |
---|---|---|---|---|---|---|
r-devel-linux-x86_64-debian-clang | 0.3.7 | 79.23 | 548.76 | 627.99 | OK | |
r-devel-linux-x86_64-debian-gcc | 0.3.7 | 63.77 | 402.43 | 466.20 | OK | |
r-devel-linux-x86_64-fedora-clang | 0.3.7 | 739.55 | OK | |||
r-devel-linux-x86_64-fedora-gcc | 0.3.7 | 763.46 | OK | |||
r-devel-windows-x86_64 | 0.3.7 | 65.00 | 572.00 | 637.00 | OK | |
r-patched-linux-x86_64 | 0.3.7 | 76.04 | 511.23 | 587.27 | OK | |
r-release-linux-x86_64 | 0.3.7 | 74.41 | 513.38 | 587.79 | OK | |
r-release-macos-arm64 | 0.3.7 | 276.00 | NOTE | |||
r-release-macos-x86_64 | 0.3.7 | 602.00 | NOTE | |||
r-release-windows-x86_64 | 0.3.7 | 66.00 | 569.00 | 635.00 | OK | |
r-oldrel-macos-arm64 | 0.3.7 | 215.00 | NOTE | |||
r-oldrel-macos-x86_64 | 0.3.7 | 564.00 | NOTE | |||
r-oldrel-windows-x86_64 | 0.3.7 | 81.00 | 657.00 | 738.00 | OK |
Version: 0.3.7
Check: installed package size
Result: NOTE
installed size is 9.1Mb
sub-directories of 1Mb or more:
data 1.2Mb
doc 2.2Mb
libs 5.5Mb
Flavors: r-release-macos-arm64, r-release-macos-x86_64, r-oldrel-macos-arm64, r-oldrel-macos-x86_64