Last updated on 2024-08-16 01:48:15 CEST.
Flavor | Version | Tinstall | Tcheck | Ttotal | Status | Flags |
---|---|---|---|---|---|---|
r-devel-linux-x86_64-debian-clang | 0.6.0 | 6.98 | 355.56 | 362.54 | OK | |
r-devel-linux-x86_64-debian-gcc | 0.6.0 | 5.22 | 248.84 | 254.06 | OK | |
r-devel-linux-x86_64-fedora-clang | 0.6.0 | 527.07 | NOTE | |||
r-devel-linux-x86_64-fedora-gcc | 0.6.0 | 596.29 | OK | |||
r-devel-windows-x86_64 | 0.6.0 | 10.00 | 320.00 | 330.00 | NOTE | |
r-patched-linux-x86_64 | 0.6.0 | 8.21 | 329.76 | 337.97 | OK | |
r-release-linux-x86_64 | 0.6.0 | 6.82 | 331.16 | 337.98 | OK | |
r-release-macos-arm64 | 0.6.0 | 157.00 | NOTE | |||
r-release-macos-x86_64 | 0.6.0 | 260.00 | NOTE | |||
r-release-windows-x86_64 | 0.6.0 | 11.00 | 324.00 | 335.00 | NOTE | |
r-oldrel-macos-arm64 | 0.6.0 | 195.00 | NOTE | |||
r-oldrel-macos-x86_64 | 0.6.0 | 346.00 | NOTE | |||
r-oldrel-windows-x86_64 | 0.6.0 | 12.00 | 436.00 | 448.00 | NOTE |
Version: 0.6.0
Check: installed package size
Result: NOTE
installed size is 5.4Mb
sub-directories of 1Mb or more:
doc 5.1Mb
Flavors: r-devel-linux-x86_64-fedora-clang, r-devel-windows-x86_64, r-release-macos-arm64, r-release-macos-x86_64, r-release-windows-x86_64, r-oldrel-macos-arm64, r-oldrel-macos-x86_64, r-oldrel-windows-x86_64