Last updated on 2022-06-30 01:49:06 CEST.
Flavor | Version | Tinstall | Tcheck | Ttotal | Status | Flags |
---|---|---|---|---|---|---|
r-devel-linux-x86_64-debian-clang | 0.0.6 | 2.09 | 24.24 | 26.33 | OK | |
r-devel-linux-x86_64-debian-gcc | 0.0.6 | 1.62 | 18.99 | 20.61 | OK | |
r-devel-linux-x86_64-fedora-clang | 0.0.6 | 43.91 | OK | |||
r-devel-linux-x86_64-fedora-gcc | 0.0.6 | 41.90 | OK | |||
r-devel-windows-x86_64 | 0.0.6 | 16.00 | 49.00 | 65.00 | OK | |
r-patched-linux-x86_64 | 0.0.6 | 1.87 | 23.64 | 25.51 | OK | |
r-release-linux-x86_64 | 0.0.6 | 1.57 | 23.71 | 25.28 | OK | |
r-release-macos-arm64 | 0.0.6 | 17.00 | NOTE | |||
r-release-macos-x86_64 | 0.0.6 | 21.00 | OK | |||
r-release-windows-x86_64 | 0.0.6 | 11.00 | 50.00 | 61.00 | OK | |
r-oldrel-macos-arm64 | 0.0.6 | 23.00 | OK | |||
r-oldrel-macos-x86_64 | 0.0.6 | 26.00 | OK | |||
r-oldrel-windows-ix86+x86_64 | 0.0.6 | 6.00 | 48.00 | 54.00 | OK |
Version: 0.0.6
Check: package dependencies
Result: NOTE
Package suggested but not available for checking: ‘NMF’
Flavor: r-release-macos-arm64