Last updated on 2024-08-16 01:48:15 CEST.
Flavor | Version | Tinstall | Tcheck | Ttotal | Status | Flags |
---|---|---|---|---|---|---|
r-devel-linux-x86_64-debian-clang | 0.2.3 | 5.45 | 80.44 | 85.89 | OK | |
r-devel-linux-x86_64-debian-gcc | 0.2.3 | 3.87 | 59.50 | 63.37 | OK | |
r-devel-linux-x86_64-fedora-clang | 0.2.3 | 142.20 | NOTE | |||
r-devel-linux-x86_64-fedora-gcc | 0.2.3 | 145.95 | NOTE | |||
r-devel-windows-x86_64 | 0.2.3 | 10.00 | 90.00 | 100.00 | OK | |
r-patched-linux-x86_64 | 0.2.3 | 6.21 | 75.82 | 82.03 | OK | |
r-release-linux-x86_64 | 0.2.3 | 6.11 | 76.37 | 82.48 | OK | |
r-release-macos-arm64 | 0.2.3 | 54.00 | OK | |||
r-release-macos-x86_64 | 0.2.3 | 72.00 | OK | |||
r-release-windows-x86_64 | 0.2.3 | 10.00 | 92.00 | 102.00 | OK | |
r-oldrel-macos-arm64 | 0.2.3 | 52.00 | OK | |||
r-oldrel-macos-x86_64 | 0.2.3 | 110.00 | OK | |||
r-oldrel-windows-x86_64 | 0.2.3 | 11.00 | 103.00 | 114.00 | OK |
Version: 0.2.3
Check: data for non-ASCII characters
Result: NOTE
Note: found 37 marked UTF-8 strings
Flavors: r-devel-linux-x86_64-fedora-clang, r-devel-linux-x86_64-fedora-gcc