Last updated on 2025-11-23 02:51:18 CET.
| Flavor | Version | Tinstall | Tcheck | Ttotal | Status | Flags |
|---|---|---|---|---|---|---|
| r-devel-linux-x86_64-debian-clang | 1.0.5 | 1.36 | 22.05 | 23.41 | NOTE | |
| r-devel-linux-x86_64-debian-gcc | 1.0.5 | 1.36 | 18.20 | 19.56 | NOTE | |
| r-devel-linux-x86_64-fedora-clang | 1.0.5 | 34.38 | OK | |||
| r-devel-windows-x86_64 | 1.0.5 | 6.00 | 44.00 | 50.00 | OK | |
| r-patched-linux-x86_64 | 1.0.5 | 1.75 | 20.65 | 22.40 | OK | |
| r-release-linux-x86_64 | 1.0.5 | 1.29 | 20.95 | 22.24 | OK | |
| r-release-macos-arm64 | 1.0.5 | OK | ||||
| r-release-macos-x86_64 | 1.0.5 | 1.00 | 26.00 | 27.00 | OK | |
| r-release-windows-x86_64 | 1.0.5 | 4.00 | 52.00 | 56.00 | OK | |
| r-oldrel-macos-arm64 | 1.0.5 | OK | ||||
| r-oldrel-macos-x86_64 | 1.0.5 | 1.00 | 22.00 | 23.00 | OK | |
| r-oldrel-windows-x86_64 | 1.0.5 | 4.00 | 47.00 | 51.00 | OK |
Version: 1.0.5
Check: CRAN incoming feasibility
Result: NOTE
Maintainer: ‘Korbinian Strimmer <strimmerlab@gmail.com>’
No Authors@R field in DESCRIPTION.
Please add one, modifying
Authors@R: c(person(given = "Korbinian",
family = "Strimmer.",
role = "aut"),
person(given = "Korbinian",
family = "Strimmer",
role = "cre",
email = "strimmerlab@gmail.com"))
as necessary.
Flavors: r-devel-linux-x86_64-debian-clang, r-devel-linux-x86_64-debian-gcc