Last updated on 2023-06-03 01:51:15 CEST.
Flavor | Version | Tinstall | Tcheck | Ttotal | Status | Flags |
---|---|---|---|---|---|---|
r-devel-linux-x86_64-debian-clang | 2.0.3 | 12.47 | 213.41 | 225.88 | NOTE | |
r-devel-linux-x86_64-debian-gcc | 2.0.3 | 9.83 | 137.63 | 147.46 | NOTE | |
r-devel-linux-x86_64-fedora-clang | 2.0.3 | 266.07 | NOTE | |||
r-devel-linux-x86_64-fedora-gcc | 2.0.3 | 254.15 | NOTE | |||
r-devel-windows-x86_64 | 2.0.3 | 14.00 | 184.00 | 198.00 | NOTE | |
r-patched-linux-x86_64 | 2.0.3 | NOTE | ||||
r-release-linux-x86_64 | 2.0.3 | 11.05 | 190.41 | 201.46 | NOTE | |
r-release-macos-arm64 | 2.0.3 | 91.00 | NOTE | |||
r-release-macos-x86_64 | 2.0.3 | 158.00 | NOTE | |||
r-release-windows-x86_64 | 2.0.3 | 17.00 | 205.00 | 222.00 | NOTE | |
r-oldrel-macos-arm64 | 2.0.3 | 105.00 | OK | |||
r-oldrel-macos-x86_64 | 2.0.3 | 174.00 | OK | |||
r-oldrel-windows-x86_64 | 2.0.3 | 15.00 | 207.00 | 222.00 | OK |
Version: 2.0.3
Check: package subdirectories
Result: NOTE
Problems with news in ‘NEWS.md’:
Cannot extract version info from the following section titles:
Major features
Minor features
Flavors: r-devel-linux-x86_64-debian-clang, r-devel-linux-x86_64-debian-gcc, r-devel-linux-x86_64-fedora-clang, r-devel-linux-x86_64-fedora-gcc, r-devel-windows-x86_64, r-patched-linux-x86_64, r-release-linux-x86_64, r-release-macos-arm64, r-release-macos-x86_64, r-release-windows-x86_64
Version: 2.0.3
Check: Rd files
Result: NOTE
checkRd: (-1) handmovement.Rd:9: Escaped LaTeX specials: \_ \_
Flavors: r-devel-linux-x86_64-debian-clang, r-devel-linux-x86_64-debian-gcc, r-devel-linux-x86_64-fedora-clang, r-devel-linux-x86_64-fedora-gcc, r-devel-windows-x86_64, r-patched-linux-x86_64, r-release-linux-x86_64, r-release-macos-arm64, r-release-macos-x86_64, r-release-windows-x86_64