CRAN Package Check Results for Package crs

Last updated on 2020-02-21 11:48:57 CET.

Flavor Version Tinstall Tcheck Ttotal Status Flags
r-devel-linux-x86_64-debian-clang 0.15-31.1 236.46 185.21 421.67 OK
r-devel-linux-x86_64-debian-gcc 0.15-31.1 231.76 146.06 377.82 OK
r-devel-linux-x86_64-fedora-clang 0.15-31.1 626.79 NOTE
r-devel-linux-x86_64-fedora-gcc 0.15-31.1 633.43 OK
r-devel-windows-ix86+x86_64 0.15-31.1 514.00 255.00 769.00 NOTE --no-vignettes
r-devel-windows-ix86+x86_64-gcc8 0.15-31.1 653.00 184.00 837.00 NOTE --no-vignettes
r-patched-linux-x86_64 0.15-31.1 234.18 168.16 402.34 OK
r-patched-solaris-x86 0.15-31.1 958.40 NOTE
r-release-linux-x86_64 0.15-31.1 235.12 168.02 403.14 OK
r-release-windows-ix86+x86_64 0.15-31.1 466.00 195.00 661.00 NOTE --no-vignettes
r-release-osx-x86_64 0.15-31.1 WARN
r-oldrel-windows-ix86+x86_64 0.15-31.1 359.00 178.00 537.00 NOTE --no-vignettes
r-oldrel-osx-x86_64 0.15-31.1 WARN

Check Details

Version: 0.15-31.1
Check: installed package size
Result: NOTE
     installed size is 27.7Mb
     sub-directories of 1Mb or more:
     doc 1.2Mb
     libs 25.7Mb
Flavors: r-devel-linux-x86_64-fedora-clang, r-patched-solaris-x86, r-release-osx-x86_64, r-oldrel-osx-x86_64

Version: 0.15-31.1
Flags: --no-vignettes
Check: installed package size
Result: NOTE
     installed size is 7.8Mb
     sub-directories of 1Mb or more:
     doc 1.1Mb
     libs 5.8Mb
Flavors: r-devel-windows-ix86+x86_64, r-devel-windows-ix86+x86_64-gcc8, r-release-windows-ix86+x86_64, r-oldrel-windows-ix86+x86_64

Version: 0.15-31.1
Check: whether package can be installed
Result: WARN
    Found the following significant warnings:
     Warning: 'rgl_init' failed, running with rgl.useNULL = TRUE
Flavors: r-release-osx-x86_64, r-oldrel-osx-x86_64

Version: 0.15-31.1
Check: dependencies in R code
Result: NOTE
    No protocol specified
Flavors: r-release-osx-x86_64, r-oldrel-osx-x86_64

Version: 0.15-31.1
Check: S3 generic/method consistency
Result: WARN
    No protocol specified
    See section ‘Generic functions and methods’ in the ‘Writing R
    Extensions’ manual.
Flavors: r-release-osx-x86_64, r-oldrel-osx-x86_64

Version: 0.15-31.1
Check: replacement functions
Result: WARN
    No protocol specified
    The argument of a replacement function which corresponds to the right
    hand side must be named ‘value’.
Flavors: r-release-osx-x86_64, r-oldrel-osx-x86_64

Version: 0.15-31.1
Check: foreign function calls
Result: NOTE
    No protocol specified
    See chapter ‘System and foreign language interfaces’ in the ‘Writing R
    Extensions’ manual.
Flavors: r-release-osx-x86_64, r-oldrel-osx-x86_64

Version: 0.15-31.1
Check: R code for possible problems
Result: NOTE
    No protocol specified
Flavors: r-release-osx-x86_64, r-oldrel-osx-x86_64

Version: 0.15-31.1
Check: for missing documentation entries
Result: WARN
    No protocol specified
    All user-level objects in a package should have documentation entries.
    See chapter ‘Writing R documentation files’ in the ‘Writing R
    Extensions’ manual.
Flavors: r-release-osx-x86_64, r-oldrel-osx-x86_64

Version: 0.15-31.1
Check: for code/documentation mismatches
Result: WARN
    No protocol specified
    No protocol specified
    No protocol specified
Flavors: r-release-osx-x86_64, r-oldrel-osx-x86_64

Version: 0.15-31.1
Check: Rd \usage sections
Result: NOTE
    No protocol specified
    The \usage entries for S3 methods should use the \method markup and not
    their full name.
    See chapter ‘Writing R documentation files’ in the ‘Writing R
    Extensions’ manual.
Flavors: r-release-osx-x86_64, r-oldrel-osx-x86_64