Last updated on 2024-04-23 01:56:56 CEST.
Flavor | Version | Tinstall | Tcheck | Ttotal | Status | Flags |
---|---|---|---|---|---|---|
r-devel-linux-x86_64-debian-clang | 2023.5.22 | 6.20 | 81.76 | 87.96 | OK | |
r-devel-linux-x86_64-debian-gcc | 2023.5.22 | 6.98 | 62.91 | 69.89 | OK | |
r-devel-linux-x86_64-fedora-clang | 2023.5.22 | 114.11 | NOTE | |||
r-devel-linux-x86_64-fedora-gcc | 2023.5.22 | 122.11 | OK | |||
r-prerel-macos-arm64 | 2023.5.22 | 42.00 | ERROR | |||
r-prerel-windows-x86_64 | 2023.5.22 | 8.00 | 81.00 | 89.00 | NOTE | |
r-patched-linux-x86_64 | 2023.5.22 | 7.81 | 79.73 | 87.54 | OK | |
r-release-linux-x86_64 | 2023.5.22 | 7.18 | 77.44 | 84.62 | OK | |
r-release-macos-arm64 | 2023.5.22 | 45.00 | NOTE | |||
r-release-macos-x86_64 | 2023.5.22 | 133.00 | NOTE | |||
r-release-windows-x86_64 | 2023.5.22 | 10.00 | 90.00 | 100.00 | NOTE | |
r-oldrel-macos-arm64 | 2023.5.22 | 57.00 | NOTE | |||
r-oldrel-windows-x86_64 | 2023.5.22 | 11.00 | 93.00 | 104.00 | NOTE |
Version: 2023.5.22
Check: installed package size
Result: NOTE
installed size is 5.7Mb
sub-directories of 1Mb or more:
data 3.8Mb
doc 1.6Mb
Flavors: r-devel-linux-x86_64-fedora-clang, r-prerel-macos-arm64, r-prerel-windows-x86_64, r-release-macos-arm64, r-release-macos-x86_64, r-release-windows-x86_64, r-oldrel-macos-arm64, r-oldrel-windows-x86_64
Version: 2023.5.22
Check: re-building of vignette outputs
Result: ERROR
Error(s) in re-building vignettes:
...
--- re-building ‘csmaps.Rmd’ using rmarkdown
--- finished re-building ‘csmaps.Rmd’
--- re-building ‘customization.Rmd’ using rmarkdown
Quitting from lines 185-232 [unnamed-chunk-6] (customization.Rmd)
Error: processing vignette 'customization.Rmd' failed with diagnostics:
there is no package called 'csdata'
--- failed re-building ‘customization.Rmd’
--- re-building ‘layout.Rmd’ using rmarkdown
--- finished re-building ‘layout.Rmd’
--- re-building ‘naming_scheme.Rmd’ using rmarkdown
--- finished re-building ‘naming_scheme.Rmd’
--- re-building ‘sf_interactive.Rmd’ using rmarkdown
--- finished re-building ‘sf_interactive.Rmd’
SUMMARY: processing the following file failed:
‘customization.Rmd’
Error: Vignette re-building failed.
Execution halted
Flavor: r-prerel-macos-arm64