Last updated on 2025-10-31 01:48:54 CET.
| Flavor | Version | Tinstall | Tcheck | Ttotal | Status | Flags | 
|---|---|---|---|---|---|---|
| r-devel-linux-x86_64-debian-clang | 0.3.3 | 7.45 | 89.89 | 97.34 | NOTE | |
| r-devel-linux-x86_64-debian-gcc | 0.3.3 | 5.56 | 67.19 | 72.75 | NOTE | |
| r-devel-linux-x86_64-fedora-clang | 0.3.3 | 18.00 | 127.63 | 145.63 | OK | |
| r-devel-linux-x86_64-fedora-gcc | 0.3.3 | 17.00 | 132.15 | 149.15 | OK | |
| r-devel-windows-x86_64 | 0.3.3 | 9.00 | 97.00 | 106.00 | OK | |
| r-patched-linux-x86_64 | 0.3.3 | 7.11 | 82.64 | 89.75 | OK | |
| r-release-linux-x86_64 | 0.3.3 | 5.93 | 83.67 | 89.60 | OK | |
| r-release-macos-arm64 | 0.3.3 | 3.00 | 42.00 | 45.00 | OK | |
| r-release-macos-x86_64 | 0.3.3 | 5.00 | 79.00 | 84.00 | OK | |
| r-release-windows-x86_64 | 0.3.3 | 10.00 | 103.00 | 113.00 | OK | |
| r-oldrel-macos-arm64 | 0.3.3 | 3.00 | 39.00 | 42.00 | OK | |
| r-oldrel-macos-x86_64 | 0.3.3 | 4.00 | 60.00 | 64.00 | OK | |
| r-oldrel-windows-x86_64 | 0.3.3 | 12.00 | 128.00 | 140.00 | OK | 
Version: 0.3.3
Check: CRAN incoming feasibility
Result: NOTE
  Maintainer: ‘Caleb Lucas <calebjlucas@gmail.com>’
  
  No Authors@R field in DESCRIPTION.
  Please add one, modifying
    Authors@R: c(person(given = "Caleb",
                        family = "Lucas",
                        role = c("aut", "cre"),
                        email = "calebjlucas@gmail.com",
                        comment = "https://caleblucas.com/"),
                 person(given = "Joshua",
                        family = "McCrain",
                        role = "aut",
                        comment = "http://joshuamccrain.com/"))
  as necessary.
Flavors: r-devel-linux-x86_64-debian-clang, r-devel-linux-x86_64-debian-gcc