Last updated on 2024-03-29 01:51:02 CET.
Flavor | Version | Tinstall | Tcheck | Ttotal | Status | Flags |
---|---|---|---|---|---|---|
r-devel-linux-x86_64-debian-clang | 1.9 | 17.21 | 127.67 | 144.88 | NOTE | |
r-devel-linux-x86_64-debian-gcc | 1.9 | 12.21 | 92.27 | 104.48 | NOTE | |
r-devel-linux-x86_64-fedora-clang | 1.9 | 190.82 | NOTE | |||
r-devel-linux-x86_64-fedora-gcc | 1.9 | 182.02 | NOTE | |||
r-devel-windows-x86_64 | 1.9 | 14.00 | 98.00 | 112.00 | NOTE | |
r-patched-linux-x86_64 | 1.9 | 18.41 | 122.30 | 140.71 | NOTE | |
r-release-linux-x86_64 | 1.9 | 11.14 | 124.56 | 135.70 | OK | |
r-release-macos-arm64 | 1.9 | 50.00 | OK | |||
r-release-macos-x86_64 | 1.9 | 132.00 | OK | |||
r-release-windows-x86_64 | 1.9 | 19.00 | 121.00 | 140.00 | OK | |
r-oldrel-macos-arm64 | 1.9 | 49.00 | OK | |||
r-oldrel-windows-x86_64 | 1.9 | 19.00 | 133.00 | 152.00 | OK |
Version: 1.9
Check: Rd files
Result: NOTE
checkRd: (-1) csvy.Rd:58: Lost braces in \itemize; meant \describe ?
checkRd: (-1) csvy.Rd:59: Lost braces in \itemize; meant \describe ?
checkRd: (-1) csvy.Rd:60: Lost braces in \itemize; meant \describe ?
Flavors: r-devel-linux-x86_64-debian-clang, r-devel-linux-x86_64-debian-gcc, r-devel-linux-x86_64-fedora-clang, r-devel-linux-x86_64-fedora-gcc, r-devel-windows-x86_64, r-patched-linux-x86_64