Last updated on 2023-06-07 02:00:57 CEST.
Flavor | Version | Tinstall | Tcheck | Ttotal | Status | Flags |
---|---|---|---|---|---|---|
r-devel-linux-x86_64-debian-clang | 3.7.6 | 1572.16 | 558.40 | 2130.56 | OK | |
r-devel-linux-x86_64-debian-gcc | 3.7.6 | 828.43 | 387.19 | 1215.62 | OK | |
r-devel-linux-x86_64-fedora-clang | 3.7.6 | 2201.91 | NOTE | |||
r-devel-linux-x86_64-fedora-gcc | 3.7.6 | 2216.00 | NOTE | |||
r-devel-windows-x86_64 | 3.7.6 | 705.00 | 364.00 | 1069.00 | NOTE | --no-vignettes |
r-patched-linux-x86_64 | 3.7.6 | 0.01 | 2.91 | 2.92 | ERROR | |
r-release-linux-x86_64 | 3.7.6 | 734.95 | 534.20 | 1269.15 | OK | |
r-release-macos-arm64 | 3.7.6 | 713.00 | NOTE | |||
r-release-macos-x86_64 | 3.7.6 | 1069.00 | NOTE | |||
r-release-windows-x86_64 | 3.7.6 | 991.00 | 414.00 | 1405.00 | NOTE | --no-vignettes |
r-oldrel-macos-arm64 | 3.7.6 | 754.00 | NOTE | |||
r-oldrel-macos-x86_64 | 3.7.6 | 998.00 | NOTE | |||
r-oldrel-windows-x86_64 | 3.7.6 | 930.00 | 460.00 | 1390.00 | NOTE | --no-vignettes |
Version: 3.7.6
Check: installed package size
Result: NOTE
installed size is 14.9Mb
sub-directories of 1Mb or more:
R 1.1Mb
data 1.5Mb
libs 10.8Mb
Flavors: r-devel-linux-x86_64-fedora-clang, r-release-macos-arm64, r-release-macos-x86_64, r-oldrel-macos-arm64, r-oldrel-macos-x86_64
Version: 3.7.6
Check: dependencies in R code
Result: NOTE
Namespace in Imports field not imported from: ‘rstantools’
All declared Imports should be used.
Flavors: r-devel-linux-x86_64-fedora-clang, r-devel-linux-x86_64-fedora-gcc
Version: 3.7.6
Check: for GNU extensions in Makefiles
Result: NOTE
GNU make is a SystemRequirements.
Flavors: r-devel-linux-x86_64-fedora-clang, r-devel-linux-x86_64-fedora-gcc, r-release-macos-arm64, r-release-macos-x86_64, r-oldrel-macos-arm64, r-oldrel-macos-x86_64
Version: 3.7.6
Check: for detritus in the temp directory
Result: NOTE
Found the following files/directories:
‘par-7269706c6579’
Flavors: r-devel-linux-x86_64-fedora-clang, r-devel-linux-x86_64-fedora-gcc
Version: 3.7.6
Flags: --no-vignettes
Check: installed package size
Result: NOTE
installed size is 10.4Mb
sub-directories of 1Mb or more:
R 1.1Mb
data 1.5Mb
libs 6.4Mb
Flavors: r-devel-windows-x86_64, r-release-windows-x86_64, r-oldrel-windows-x86_64
Version: 3.7.6
Check: whether package can be installed
Result: ERROR
Installation failed.
Flavor: r-patched-linux-x86_64