Last updated on 2024-04-24 01:52:07 CEST.
Flavor | Version | Tinstall | Tcheck | Ttotal | Status | Flags |
---|---|---|---|---|---|---|
r-devel-linux-x86_64-debian-clang | 2.1.0 | 49.12 | 255.01 | 304.13 | NOTE | |
r-devel-linux-x86_64-debian-gcc | 2.1.0 | 37.82 | 157.01 | 194.83 | NOTE | |
r-devel-linux-x86_64-fedora-clang | 2.1.0 | 367.21 | NOTE | |||
r-devel-linux-x86_64-fedora-gcc | 2.1.0 | 360.67 | NOTE | |||
r-prerel-macos-arm64 | 2.1.0 | 82.00 | ERROR | |||
r-prerel-windows-x86_64 | 2.1.0 | 39.00 | 169.00 | 208.00 | NOTE | |
r-patched-linux-x86_64 | 2.1.0 | 48.65 | 226.43 | 275.08 | NOTE | |
r-release-linux-x86_64 | 2.1.0 | 49.04 | 229.39 | 278.43 | OK | |
r-release-macos-arm64 | 2.1.0 | 123.00 | OK | |||
r-release-macos-x86_64 | 2.1.0 | 359.00 | OK | |||
r-release-windows-x86_64 | 2.1.0 | 49.00 | 219.00 | 268.00 | OK | |
r-oldrel-macos-arm64 | 2.1.0 | 118.00 | OK | |||
r-oldrel-windows-x86_64 | 2.1.0 | 43.00 | 211.00 | 254.00 | WARN |
Version: 2.1.0
Check: Rd files
Result: NOTE
checkRd: (-1) cubintegrate.Rd:67: Lost braces; missing escapes or markup?
67 | evaluated} - {returnCode}{the actual integer return code
| ^
checkRd: (-1) cubintegrate.Rd:67-69: Lost braces
67 | evaluated} - {returnCode}{the actual integer return code
| ^
Flavors: r-devel-linux-x86_64-debian-clang, r-devel-linux-x86_64-debian-gcc, r-devel-linux-x86_64-fedora-clang, r-devel-linux-x86_64-fedora-gcc, r-prerel-macos-arm64, r-prerel-windows-x86_64, r-patched-linux-x86_64
Version: 2.1.0
Check: tests
Result: ERROR
Running ‘testthat.R’ [0s/0s]
Running the tests in ‘tests/testthat.R’ failed.
Complete output:
> library(testthat)
Error: package or namespace load failed for 'testthat' in loadNamespace(j <- i[[1L]], c(lib.loc, .libPaths()), versionCheck = vI[[j]]):
there is no package called 'brio'
Execution halted
Flavor: r-prerel-macos-arm64
Version: 2.1.0
Check: whether package can be installed
Result: WARN
Found the following significant warnings:
./src/common/stddecl.h:481:4: warning: ISO C99 doesn't support unnamed structs/unions [-Wpedantic]
Flavor: r-oldrel-windows-x86_64