Last updated on 2024-07-18 01:55:28 CEST.
Flavor | Version | Tinstall | Tcheck | Ttotal | Status | Flags |
---|---|---|---|---|---|---|
r-devel-linux-x86_64-debian-clang | 0.1.0.9 | 66.26 | 35.79 | 102.05 | NOTE | |
r-devel-linux-x86_64-debian-gcc | 0.1.0.9 | 46.89 | 26.72 | 73.61 | NOTE | |
r-devel-linux-x86_64-fedora-clang | 0.1.0.9 | 142.33 | NOTE | |||
r-devel-linux-x86_64-fedora-gcc | 0.1.0.9 | 145.64 | NOTE | |||
r-devel-windows-x86_64 | 0.1.0.9 | 54.00 | 64.00 | 118.00 | NOTE | |
r-patched-linux-x86_64 | 0.1.0.9 | 51.21 | 33.85 | 85.06 | NOTE | |
r-release-linux-x86_64 | 0.1.0.9 | 56.09 | 33.20 | 89.29 | NOTE | |
r-release-macos-arm64 | 0.1.0.9 | 32.00 | NOTE | |||
r-release-macos-x86_64 | 0.1.0.9 | 38.00 | NOTE | |||
r-release-windows-x86_64 | 0.1.0.9 | 52.00 | 69.00 | 121.00 | NOTE | |
r-oldrel-macos-arm64 | 0.1.0.9 | 37.00 | NOTE | |||
r-oldrel-macos-x86_64 | 0.1.0.9 | 59.00 | NOTE | |||
r-oldrel-windows-x86_64 | 0.1.0.9 | 64.00 | 73.00 | 137.00 | NOTE |
Version: 0.1.0.9
Check: C++ specification
Result: NOTE
Specified C++11: please drop specification unless essential
Flavors: r-devel-linux-x86_64-debian-clang, r-devel-linux-x86_64-debian-gcc, r-devel-linux-x86_64-fedora-clang, r-devel-linux-x86_64-fedora-gcc, r-devel-windows-x86_64, r-patched-linux-x86_64, r-release-linux-x86_64, r-release-macos-arm64, r-release-macos-x86_64, r-release-windows-x86_64, r-oldrel-macos-arm64, r-oldrel-macos-x86_64, r-oldrel-windows-x86_64