Last updated on 2025-04-29 01:49:30 CEST.
Flavor | Version | Tinstall | Tcheck | Ttotal | Status | Flags |
---|---|---|---|---|---|---|
r-devel-linux-x86_64-debian-clang | 1.0.0 | 3.86 | 35.83 | 39.69 | OK | |
r-devel-linux-x86_64-debian-gcc | 1.0.0 | 2.76 | 26.40 | 29.16 | NOTE | |
r-devel-linux-x86_64-fedora-clang | 1.0.0 | 62.26 | OK | |||
r-devel-linux-x86_64-fedora-gcc | 1.0.0 | 59.76 | OK | |||
r-devel-windows-x86_64 | 1.0.0 | 5.00 | 50.00 | 55.00 | OK | |
r-patched-linux-x86_64 | 1.0.0 | 4.18 | 34.55 | 38.73 | OK | |
r-release-linux-x86_64 | 1.0.0 | 3.81 | 34.37 | 38.18 | OK | |
r-release-macos-arm64 | 1.0.0 | 22.00 | OK | |||
r-release-macos-x86_64 | 1.0.0 | 35.00 | OK | |||
r-release-windows-x86_64 | 1.0.0 | 4.00 | 56.00 | 60.00 | OK | |
r-oldrel-macos-arm64 | 1.0.0 | 21.00 | OK | |||
r-oldrel-macos-x86_64 | 1.0.0 | 30.00 | OK | |||
r-oldrel-windows-x86_64 | 1.0.0 | 6.00 | 57.00 | 63.00 | OK |
Version: 1.0.0
Check: CRAN incoming feasibility
Result: NOTE
Maintainer: ‘Paul Kabaila <p.kabaila@latrobe.edu.au>’
The Description field contains
Kabaila (2022) <arXiv:2211.04729>.
Please refer to arXiv e-prints via their arXiv DOI <doi:10.48550/arXiv.YYMM.NNNNN>.
Flavor: r-devel-linux-x86_64-debian-gcc