Last updated on 2024-04-19 01:58:39 CEST.
Flavor | Version | Tinstall | Tcheck | Ttotal | Status | Flags |
---|---|---|---|---|---|---|
r-devel-linux-x86_64-debian-clang | 0.4.1 | 21.21 | 106.23 | 127.44 | NOTE | |
r-devel-linux-x86_64-debian-gcc | 0.4.1 | 16.67 | 75.85 | 92.52 | NOTE | |
r-devel-linux-x86_64-fedora-clang | 0.4.1 | 169.39 | NOTE | |||
r-devel-linux-x86_64-fedora-gcc | 0.4.1 | 171.59 | NOTE | |||
r-prerel-macos-arm64 | 0.4.1 | 48.00 | NOTE | |||
r-prerel-windows-x86_64 | 0.4.1 | 19.00 | 104.00 | 123.00 | NOTE | |
r-patched-linux-x86_64 | 0.4.1 | 26.13 | 102.90 | 129.03 | NOTE | |
r-release-linux-x86_64 | 0.4.1 | 19.45 | 103.00 | 122.45 | NOTE | |
r-release-macos-arm64 | 0.4.1 | 52.00 | NOTE | |||
r-release-macos-x86_64 | 0.4.1 | 84.00 | NOTE | |||
r-release-windows-x86_64 | 0.4.1 | 23.00 | 126.00 | 149.00 | NOTE | |
r-oldrel-macos-arm64 | 0.4.1 | 49.00 | OK | |||
r-oldrel-windows-x86_64 | 0.4.1 | 26.00 | 121.00 | 147.00 | OK |
Version: 0.4.1
Check: C++ specification
Result: NOTE
Specified C++11: please drop specification unless essential
Flavors: r-devel-linux-x86_64-debian-clang, r-devel-linux-x86_64-debian-gcc, r-devel-linux-x86_64-fedora-clang, r-devel-linux-x86_64-fedora-gcc, r-prerel-macos-arm64, r-prerel-windows-x86_64, r-patched-linux-x86_64, r-release-linux-x86_64, r-release-macos-arm64, r-release-macos-x86_64, r-release-windows-x86_64