Last updated on 2025-05-18 02:49:34 CEST.
Flavor | Version | Tinstall | Tcheck | Ttotal | Status | Flags |
---|---|---|---|---|---|---|
r-devel-linux-x86_64-debian-clang | 1.0.2 | 12.06 | 177.24 | 189.30 | NOTE | |
r-devel-linux-x86_64-debian-gcc | 1.0.2 | 7.29 | 123.23 | 130.52 | NOTE | |
r-devel-linux-x86_64-fedora-clang | 1.0.2 | 303.36 | NOTE | |||
r-devel-linux-x86_64-fedora-gcc | 1.0.2 | 327.26 | NOTE | |||
r-devel-windows-x86_64 | 1.0.2 | 16.00 | 181.00 | 197.00 | NOTE | |
r-patched-linux-x86_64 | 1.0.2 | 12.49 | 170.76 | 183.25 | NOTE | |
r-release-linux-x86_64 | 1.0.2 | 10.21 | 170.74 | 180.95 | NOTE | |
r-release-macos-arm64 | 1.0.2 | 79.00 | NOTE | |||
r-release-macos-x86_64 | 1.0.2 | 172.00 | NOTE | |||
r-release-windows-x86_64 | 1.0.2 | 14.00 | 189.00 | 203.00 | NOTE | |
r-oldrel-macos-arm64 | 1.0.2 | 83.00 | NOTE | |||
r-oldrel-macos-x86_64 | 1.0.2 | 134.00 | NOTE | |||
r-oldrel-windows-x86_64 | 1.0.2 | 17.00 | 232.00 | 249.00 | NOTE |
Version: 1.0.2
Check: package subdirectories
Result: NOTE
Problems with news in ‘NEWS.md’:
No news entries found.
Flavors: r-devel-linux-x86_64-debian-clang, r-devel-linux-x86_64-debian-gcc, r-devel-linux-x86_64-fedora-clang, r-devel-linux-x86_64-fedora-gcc, r-devel-windows-x86_64, r-patched-linux-x86_64, r-release-linux-x86_64, r-release-macos-arm64, r-release-macos-x86_64, r-release-windows-x86_64, r-oldrel-macos-arm64, r-oldrel-macos-x86_64, r-oldrel-windows-x86_64
Version: 1.0.2
Check: Rd cross-references
Result: NOTE
Found the following Rd file(s) with Rd \link{} targets missing package
anchors:
simulate_cycloSurv.Rd: Surv
Please provide package anchors for all Rd \link{} targets not in the
package itself and the base packages.
Flavors: r-devel-linux-x86_64-debian-clang, r-devel-linux-x86_64-debian-gcc, r-devel-windows-x86_64, r-patched-linux-x86_64, r-release-linux-x86_64, r-release-windows-x86_64