Last updated on 2024-04-25 01:55:08 CEST.
Flavor | Version | Tinstall | Tcheck | Ttotal | Status | Flags |
---|---|---|---|---|---|---|
r-devel-linux-x86_64-debian-clang | 1.0.2 | 15.49 | 221.99 | 237.48 | NOTE | |
r-devel-linux-x86_64-debian-gcc | 1.0.2 | 9.48 | 163.01 | 172.49 | NOTE | |
r-devel-linux-x86_64-fedora-clang | 1.0.2 | 312.14 | NOTE | |||
r-devel-linux-x86_64-fedora-gcc | 1.0.2 | 308.10 | NOTE | |||
r-devel-windows-x86_64 | 1.0.2 | 13.00 | 176.00 | 189.00 | NOTE | |
r-patched-linux-x86_64 | 1.0.2 | 11.83 | 214.40 | 226.23 | NOTE | |
r-release-linux-x86_64 | 1.0.2 | 11.52 | 209.81 | 221.33 | NOTE | |
r-release-macos-arm64 | 1.0.2 | 83.00 | NOTE | |||
r-release-windows-x86_64 | 1.0.2 | 12.00 | 172.00 | 184.00 | NOTE | |
r-oldrel-macos-arm64 | 1.0.2 | 87.00 | NOTE | |||
r-oldrel-macos-x86_64 | 1.0.2 | 154.00 | NOTE | |||
r-oldrel-windows-x86_64 | 1.0.2 | 16.00 | 214.00 | 230.00 | NOTE |
Version: 1.0.2
Check: package subdirectories
Result: NOTE
Problems with news in ‘NEWS.md’:
No news entries found.
Flavors: r-devel-linux-x86_64-debian-clang, r-devel-linux-x86_64-debian-gcc, r-devel-linux-x86_64-fedora-clang, r-devel-linux-x86_64-fedora-gcc, r-devel-windows-x86_64, r-patched-linux-x86_64, r-release-linux-x86_64, r-release-macos-arm64, r-release-windows-x86_64, r-oldrel-macos-arm64, r-oldrel-macos-x86_64, r-oldrel-windows-x86_64