Last updated on 2024-04-18 01:55:10 CEST.
Flavor | Version | Tinstall | Tcheck | Ttotal | Status | Flags |
---|---|---|---|---|---|---|
r-devel-linux-x86_64-debian-clang | 0.2.0 | 28.16 | 219.46 | 247.62 | NOTE | |
r-devel-linux-x86_64-debian-gcc | 0.2.0 | 21.11 | 153.85 | 174.96 | NOTE | |
r-devel-linux-x86_64-fedora-clang | 0.2.0 | 298.83 | NOTE | |||
r-devel-linux-x86_64-fedora-gcc | 0.2.0 | 280.58 | NOTE | |||
r-prerel-macos-arm64 | 0.2.0 | 77.00 | NOTE | |||
r-prerel-windows-x86_64 | 0.2.0 | 26.00 | 172.00 | 198.00 | NOTE | |
r-patched-linux-x86_64 | 0.2.0 | 31.59 | 204.51 | 236.10 | NOTE | |
r-release-linux-x86_64 | 0.2.0 | 25.12 | 207.10 | 232.22 | OK | |
r-release-macos-arm64 | 0.2.0 | 80.00 | OK | |||
r-release-macos-x86_64 | 0.2.0 | 137.00 | OK | |||
r-release-windows-x86_64 | 0.2.0 | 32.00 | 210.00 | 242.00 | OK | |
r-oldrel-macos-arm64 | 0.2.0 | 77.00 | OK | |||
r-oldrel-windows-x86_64 | 0.2.0 | 32.00 | 199.00 | 231.00 | OK |
Version: 0.2.0
Check: Rd files
Result: NOTE
checkRd: (-1) gammamix.Rd:47-48: Lost braces in \itemize; \value handles \item{}{} directly
checkRd: (-1) gammamix.Rd:49-51: Lost braces in \itemize; \value handles \item{}{} directly
checkRd: (-1) gammamix.Rd:52-53: Lost braces in \itemize; \value handles \item{}{} directly
checkRd: (-1) gammamix.Rd:54-55: Lost braces in \itemize; \value handles \item{}{} directly
checkRd: (-1) joint.Rd:41-42: Lost braces in \itemize; \value handles \item{}{} directly
checkRd: (-1) joint.Rd:43-45: Lost braces in \itemize; \value handles \item{}{} directly
checkRd: (-1) joint.Rd:46-47: Lost braces in \itemize; \value handles \item{}{} directly
checkRd: (-1) lnormmix.Rd:44-45: Lost braces in \itemize; \value handles \item{}{} directly
checkRd: (-1) lnormmix.Rd:46-48: Lost braces in \itemize; \value handles \item{}{} directly
checkRd: (-1) lnormmix.Rd:49-50: Lost braces in \itemize; \value handles \item{}{} directly
checkRd: (-1) lnormmix.Rd:51-52: Lost braces in \itemize; \value handles \item{}{} directly
checkRd: (-1) normmix.Rd:43-44: Lost braces in \itemize; \value handles \item{}{} directly
checkRd: (-1) normmix.Rd:45-47: Lost braces in \itemize; \value handles \item{}{} directly
checkRd: (-1) normmix.Rd:48-49: Lost braces in \itemize; \value handles \item{}{} directly
checkRd: (-1) normmix.Rd:50-51: Lost braces in \itemize; \value handles \item{}{} directly
checkRd: (-1) plot_joint_box.Rd:61: Lost braces
61 | and step lengths (code{x}).
| ^
checkRd: (-1) vonmisesmix.Rd:40-41: Lost braces in \itemize; \value handles \item{}{} directly
checkRd: (-1) vonmisesmix.Rd:42-44: Lost braces in \itemize; \value handles \item{}{} directly
checkRd: (-1) vonmisesmix.Rd:45-46: Lost braces in \itemize; \value handles \item{}{} directly
checkRd: (-1) vonmisesmix.Rd:47-48: Lost braces in \itemize; \value handles \item{}{} directly
checkRd: (-1) weibullmix.Rd:44-45: Lost braces in \itemize; \value handles \item{}{} directly
checkRd: (-1) weibullmix.Rd:46-48: Lost braces in \itemize; \value handles \item{}{} directly
checkRd: (-1) weibullmix.Rd:49-50: Lost braces in \itemize; \value handles \item{}{} directly
checkRd: (-1) weibullmix.Rd:51-52: Lost braces in \itemize; \value handles \item{}{} directly
checkRd: (-1) wrappedcauchy.Rd:43-44: Lost braces in \itemize; \value handles \item{}{} directly
checkRd: (-1) wrappedcauchy.Rd:45-47: Lost braces in \itemize; \value handles \item{}{} directly
checkRd: (-1) wrappedcauchy.Rd:48-49: Lost braces in \itemize; \value handles \item{}{} directly
checkRd: (-1) wrappedcauchy.Rd:50-51: Lost braces in \itemize; \value handles \item{}{} directly
Flavors: r-devel-linux-x86_64-debian-clang, r-devel-linux-x86_64-debian-gcc, r-devel-linux-x86_64-fedora-clang, r-devel-linux-x86_64-fedora-gcc, r-prerel-macos-arm64, r-prerel-windows-x86_64, r-patched-linux-x86_64