Last updated on 2024-04-18 01:55:10 CEST.
Flavor | Version | Tinstall | Tcheck | Ttotal | Status | Flags |
---|---|---|---|---|---|---|
r-devel-linux-x86_64-debian-clang | 0.2.2 | 8.11 | 146.26 | 154.37 | NOTE | |
r-devel-linux-x86_64-debian-gcc | 0.2.2 | 6.45 | 108.19 | 114.64 | NOTE | |
r-devel-linux-x86_64-fedora-clang | 0.2.2 | 191.45 | NOTE | |||
r-devel-linux-x86_64-fedora-gcc | 0.2.2 | 193.08 | NOTE | |||
r-prerel-macos-arm64 | 0.2.2 | 55.00 | NOTE | |||
r-prerel-windows-x86_64 | 0.2.2 | 8.00 | 113.00 | 121.00 | NOTE | |
r-patched-linux-x86_64 | 0.2.2 | 8.29 | 142.98 | 151.27 | NOTE | |
r-release-linux-x86_64 | 0.2.2 | 5.71 | 140.52 | 146.23 | NOTE | |
r-release-macos-arm64 | 0.2.2 | 65.00 | NOTE | |||
r-release-macos-x86_64 | 0.2.2 | 108.00 | NOTE | |||
r-release-windows-x86_64 | 0.2.2 | 11.00 | 144.00 | 155.00 | NOTE | |
r-oldrel-macos-arm64 | 0.2.2 | 48.00 | NOTE | |||
r-oldrel-windows-x86_64 | 0.2.2 | 12.00 | 144.00 | 156.00 | NOTE |
Version: 0.2.2
Check: LazyData
Result: NOTE
'LazyData' is specified without a 'data' directory
Flavors: r-devel-linux-x86_64-debian-clang, r-devel-linux-x86_64-debian-gcc, r-devel-linux-x86_64-fedora-clang, r-devel-linux-x86_64-fedora-gcc, r-prerel-macos-arm64, r-prerel-windows-x86_64, r-patched-linux-x86_64, r-release-linux-x86_64, r-release-macos-arm64, r-release-macos-x86_64, r-release-windows-x86_64, r-oldrel-macos-arm64, r-oldrel-windows-x86_64