CRAN Package Check Results for Package cytominer

Last updated on 2022-05-23 01:50:06 CEST.

Flavor Version Tinstall Tcheck Ttotal Status Flags
r-devel-linux-x86_64-debian-clang 0.2.2 8.94 142.75 151.69 NOTE
r-devel-linux-x86_64-debian-gcc 0.2.2 7.73 106.86 114.59 NOTE
r-devel-linux-x86_64-fedora-clang 0.2.2 172.91 NOTE
r-devel-linux-x86_64-fedora-gcc 0.2.2 171.25 NOTE
r-devel-windows-x86_64 0.2.2 26.00 164.00 190.00 NOTE
r-patched-linux-x86_64 0.2.2 7.91 135.13 143.04 NOTE
r-release-linux-x86_64 0.2.2 6.96 133.84 140.80 NOTE
r-release-macos-arm64 0.2.2 48.00 NOTE
r-release-macos-x86_64 0.2.2 93.00 NOTE
r-release-windows-x86_64 0.2.2 29.00 159.00 188.00 NOTE
r-oldrel-macos-arm64 0.2.2 51.00 NOTE
r-oldrel-macos-x86_64 0.2.2 94.00 NOTE
r-oldrel-windows-ix86+x86_64 0.2.2 21.00 152.00 173.00 NOTE

Check Details

Version: 0.2.2
Check: LazyData
Result: NOTE
     'LazyData' is specified without a 'data' directory
Flavors: r-devel-linux-x86_64-debian-clang, r-devel-linux-x86_64-debian-gcc, r-devel-linux-x86_64-fedora-clang, r-devel-linux-x86_64-fedora-gcc, r-devel-windows-x86_64, r-patched-linux-x86_64, r-release-linux-x86_64, r-release-macos-arm64, r-release-macos-x86_64, r-release-windows-x86_64, r-oldrel-macos-arm64, r-oldrel-macos-x86_64, r-oldrel-windows-ix86+x86_64