Last updated on 2025-10-31 01:48:54 CET.
| Flavor | Version | Tinstall | Tcheck | Ttotal | Status | Flags | 
|---|---|---|---|---|---|---|
| r-devel-linux-x86_64-debian-clang | 0.1.0 | 2.16 | 25.43 | 27.59 | NOTE | |
| r-devel-linux-x86_64-debian-gcc | 0.1.0 | 1.99 | 21.17 | 23.16 | NOTE | |
| r-devel-linux-x86_64-fedora-clang | 0.1.0 | 40.11 | OK | |||
| r-devel-linux-x86_64-fedora-gcc | 0.1.0 | 37.64 | OK | |||
| r-devel-windows-x86_64 | 0.1.0 | 7.00 | 43.00 | 50.00 | OK | |
| r-patched-linux-x86_64 | 0.1.0 | 2.46 | 23.08 | 25.54 | OK | |
| r-release-linux-x86_64 | 0.1.0 | 2.45 | 22.89 | 25.34 | OK | |
| r-release-macos-arm64 | 0.1.0 | 1.00 | 17.00 | 18.00 | OK | |
| r-release-macos-x86_64 | 0.1.0 | 2.00 | 25.00 | 27.00 | OK | |
| r-release-windows-x86_64 | 0.1.0 | 7.00 | 45.00 | 52.00 | OK | |
| r-oldrel-macos-arm64 | 0.1.0 | 1.00 | 17.00 | 18.00 | NOTE | |
| r-oldrel-macos-x86_64 | 0.1.0 | 2.00 | 22.00 | 24.00 | NOTE | |
| r-oldrel-windows-x86_64 | 0.1.0 | 7.00 | 50.00 | 57.00 | NOTE | 
Version: 0.1.0
Check: CRAN incoming feasibility
Result: NOTE
  Maintainer: ‘Mauricio Vargas <oec@media.mit.edu>’
  
  No Authors@R field in DESCRIPTION.
  Please add one, modifying
    Authors@R: c(person(given = "Mauricio",
                        family = "Vargas",
                        role = c("aut", "cre"),
                        email = "oec@media.mit.edu"),
                 person(given = "Joshua",
                        family = "Kunst",
                        role = "aut"),
                 person(given = "Dave",
                        family = "Landry",
                        role = "ctb"),
                 person(family = "Datawheel",
                        role = "cph"))
  as necessary.
Flavors: r-devel-linux-x86_64-debian-clang, r-devel-linux-x86_64-debian-gcc
Version: 0.1.0
Check: LazyData
Result: NOTE
    'LazyData' is specified without a 'data' directory
Flavors: r-oldrel-macos-arm64, r-oldrel-macos-x86_64, r-oldrel-windows-x86_64