CRAN Package Check Results for Package dabestr

Last updated on 2020-07-14 03:47:41 CEST.

Flavor Version Tinstall Tcheck Ttotal Status Flags
r-devel-linux-x86_64-debian-clang 0.2.5 22.19 258.69 280.88 OK
r-devel-linux-x86_64-debian-gcc 0.3.0 20.50 196.27 216.77 OK
r-devel-linux-x86_64-fedora-clang 0.3.0 348.47 NOTE
r-devel-linux-x86_64-fedora-gcc 0.3.0 178.07 NOTE
r-devel-windows-ix86+x86_64 0.2.5 14.00 274.00 288.00 OK
r-patched-linux-x86_64 0.2.5 20.93 249.89 270.82 OK
r-patched-solaris-x86 0.3.0 505.20 NOTE
r-release-linux-x86_64 0.2.5 25.82 247.90 273.72 OK
r-release-macos-x86_64 0.3.0 ERROR
r-release-windows-ix86+x86_64 0.2.5 19.00 328.00 347.00 OK
r-oldrel-macos-x86_64 0.2.5 NOTE
r-oldrel-windows-ix86+x86_64 0.2.5 18.00 444.00 462.00 OK

Check Details

Version: 0.3.0
Check: dependencies in R code
Result: NOTE
    Namespaces in Imports field not imported from:
     ‘plyr’ ‘simpleboot’
     All declared Imports should be used.
Flavors: r-devel-linux-x86_64-fedora-clang, r-devel-linux-x86_64-fedora-gcc, r-patched-solaris-x86

Version: 0.3.0
Check: whether package can be installed
Result: ERROR
    Installation failed.
Flavor: r-release-macos-x86_64

Version: 0.2.5
Check: dependencies in R code
Result: NOTE
    Namespace in Imports field not imported from: ‘plyr’
     All declared Imports should be used.
Flavor: r-oldrel-macos-x86_64