Last updated on 2025-05-09 01:50:02 CEST.
Flavor | Version | Tinstall | Tcheck | Ttotal | Status | Flags |
---|---|---|---|---|---|---|
r-devel-linux-x86_64-debian-clang | 1.0.2 | 3.50 | 33.32 | 36.82 | OK | |
r-devel-linux-x86_64-debian-gcc | 1.0.2 | 2.56 | 26.30 | 28.86 | OK | |
r-devel-linux-x86_64-fedora-clang | 1.0.2 | 56.24 | OK | |||
r-devel-linux-x86_64-fedora-gcc | 1.0.2 | 55.48 | OK | |||
r-devel-windows-x86_64 | 1.0.2 | 5.00 | 52.00 | 57.00 | OK | |
r-patched-linux-x86_64 | 1.0.2 | 2.92 | 30.50 | 33.42 | OK | |
r-release-linux-x86_64 | 1.0.2 | 2.71 | 30.57 | 33.28 | OK | |
r-release-macos-arm64 | 1.0.2 | 24.00 | OK | |||
r-release-macos-x86_64 | 1.0.2 | 34.00 | OK | |||
r-release-windows-x86_64 | 1.0.2 | 6.00 | 51.00 | 57.00 | OK | |
r-oldrel-macos-arm64 | 1.0.2 | 29.00 | NOTE | |||
r-oldrel-macos-x86_64 | 1.0.2 | 35.00 | NOTE | |||
r-oldrel-windows-x86_64 | 1.0.2 | 6.00 | 56.00 | 62.00 | NOTE |
Version: 1.0.2
Check: LazyData
Result: NOTE
'LazyData' is specified without a 'data' directory
Flavors: r-oldrel-macos-arm64, r-oldrel-macos-x86_64, r-oldrel-windows-x86_64