CRAN Package Check Results for Package daiR

Last updated on 2022-01-29 01:49:32 CET.

Flavor Version Tinstall Tcheck Ttotal Status Flags
r-devel-linux-x86_64-debian-clang 0.9.0 4.63 101.55 106.18 OK
r-devel-linux-x86_64-debian-gcc 0.9.0 2.88 77.95 80.83 OK
r-devel-linux-x86_64-fedora-clang 0.9.0 125.15 NOTE
r-devel-linux-x86_64-fedora-gcc 0.9.0 122.06 NOTE
r-devel-windows-x86_64-new-UL 0.9.0 49.00 142.00 191.00 OK
r-devel-windows-x86_64-new-TK 0.9.0 NOTE
r-patched-linux-x86_64 0.9.0 3.72 76.74 80.46 OK
r-release-linux-x86_64 0.9.0 4.85 76.62 81.47 OK
r-release-macos-arm64 0.9.0 NOTE
r-release-macos-x86_64 0.9.0 NOTE
r-release-windows-ix86+x86_64 0.9.0 11.00 95.00 106.00 OK
r-oldrel-macos-x86_64 0.9.0 NOTE
r-oldrel-windows-ix86+x86_64 0.9.0 9.00 94.00 103.00 OK

Check Details

Version: 0.9.0
Check: dependencies in R code
Result: NOTE
    Namespaces in Imports field not imported from:
     ‘curl’ ‘fs’ ‘googleCloudStorageR’
     All declared Imports should be used.
Flavors: r-devel-linux-x86_64-fedora-clang, r-devel-linux-x86_64-fedora-gcc, r-devel-windows-x86_64-new-TK, r-release-macos-arm64, r-release-macos-x86_64, r-oldrel-macos-x86_64