Last updated on 2024-08-16 01:48:16 CEST.
Flavor | Version | Tinstall | Tcheck | Ttotal | Status | Flags |
---|---|---|---|---|---|---|
r-devel-linux-x86_64-debian-clang | 0.75 | 0.42 | 1.70 | 2.12 | ERROR | |
r-devel-linux-x86_64-debian-gcc | 0.75 | 0.24 | 1.35 | 1.59 | ERROR | |
r-devel-linux-x86_64-fedora-clang | 0.75 | 2.46 | ERROR | |||
r-devel-linux-x86_64-fedora-gcc | 0.75 | 2.50 | ERROR | |||
r-devel-windows-x86_64 | 0.75 | 15.00 | 126.00 | 141.00 | NOTE | |
r-patched-linux-x86_64 | 0.75 | 20.17 | 117.12 | 137.29 | OK | |
r-release-linux-x86_64 | 0.75 | 15.66 | 118.30 | 133.96 | OK | |
r-release-macos-arm64 | 0.75 | 61.00 | OK | |||
r-release-macos-x86_64 | 0.75 | 91.00 | OK | |||
r-release-windows-x86_64 | 0.75 | 16.00 | 123.00 | 139.00 | OK | |
r-oldrel-macos-arm64 | 0.75 | 70.00 | OK | |||
r-oldrel-macos-x86_64 | 0.75 | 148.00 | OK | |||
r-oldrel-windows-x86_64 | 0.75 | 22.00 | 157.00 | 179.00 | OK |
Version: 0.75
Check: package dependencies
Result: ERROR
Package required but not available: ‘dartR.base’
See section ‘The DESCRIPTION file’ in the ‘Writing R Extensions’
manual.
Flavors: r-devel-linux-x86_64-debian-clang, r-devel-linux-x86_64-debian-gcc, r-devel-linux-x86_64-fedora-clang, r-devel-linux-x86_64-fedora-gcc
Version: 0.75
Check: Rd cross-references
Result: NOTE
Found the following Rd file(s) with Rd \link{} targets missing package
anchors:
gl.filter.parent.offspring.Rd: gl.report.rdepth,
gl.report.reproducibility
gl.report.parent.offspring.Rd: gl.report.rdepth,
gl.report.reproducibility
Please provide package anchors for all Rd \link{} targets not in the
package itself and the base packages.
Flavor: r-devel-windows-x86_64