Last updated on 2022-05-17 02:53:07 CEST.
Flavor | Version | Tinstall | Tcheck | Ttotal | Status | Flags |
---|---|---|---|---|---|---|
r-devel-linux-x86_64-debian-clang | 1.10.0 | 4.03 | 38.63 | 42.66 | NOTE | |
r-devel-linux-x86_64-debian-gcc | 1.10.0 | 2.90 | 30.63 | 33.53 | NOTE | |
r-devel-linux-x86_64-fedora-clang | 1.10.0 | 50.86 | NOTE | |||
r-devel-linux-x86_64-fedora-gcc | 1.10.0 | 48.69 | NOTE | |||
r-devel-windows-x86_64 | 1.10.0 | 275.00 | 62.00 | 337.00 | NOTE | |
r-patched-linux-x86_64 | 1.10.0 | 3.45 | 37.84 | 41.29 | NOTE | |
r-release-linux-x86_64 | 1.10.0 | 2.89 | 37.76 | 40.65 | NOTE | |
r-release-macos-arm64 | 1.10.0 | 18.00 | NOTE | |||
r-release-macos-x86_64 | 1.10.0 | 26.00 | NOTE | |||
r-release-windows-x86_64 | 1.10.0 | 272.00 | 63.00 | 335.00 | NOTE | |
r-oldrel-macos-arm64 | 1.10.0 | 18.00 | NOTE | |||
r-oldrel-macos-x86_64 | 1.10.0 | 34.00 | NOTE | |||
r-oldrel-windows-ix86+x86_64 | 1.10.0 | 8.00 | 49.00 | 57.00 | NOTE |
Version: 1.10.0
Check: LazyData
Result: NOTE
'LazyData' is specified without a 'data' directory
Flavors: r-devel-linux-x86_64-debian-clang, r-devel-linux-x86_64-debian-gcc, r-devel-linux-x86_64-fedora-clang, r-devel-linux-x86_64-fedora-gcc, r-devel-windows-x86_64, r-patched-linux-x86_64, r-release-linux-x86_64, r-release-macos-arm64, r-release-macos-x86_64, r-release-windows-x86_64, r-oldrel-macos-arm64, r-oldrel-macos-x86_64, r-oldrel-windows-ix86+x86_64
Version: 1.10.0
Check: installed package size
Result: NOTE
installed size is 11.0Mb
sub-directories of 1Mb or more:
deps 10.6Mb
Flavors: r-devel-linux-x86_64-fedora-clang, r-devel-windows-x86_64, r-release-macos-arm64, r-release-macos-x86_64, r-release-windows-x86_64, r-oldrel-macos-arm64, r-oldrel-macos-x86_64, r-oldrel-windows-ix86+x86_64