Last updated on 2022-05-19 02:49:09 CEST.
Flavor | Version | Tinstall | Tcheck | Ttotal | Status | Flags |
---|---|---|---|---|---|---|
r-devel-linux-x86_64-debian-clang | 1.0.0 | 2.12 | 122.59 | 124.71 | OK | |
r-devel-linux-x86_64-debian-gcc | 1.0.0 | 1.92 | 95.59 | 97.51 | OK | |
r-devel-linux-x86_64-fedora-clang | 1.0.0 | 144.93 | NOTE | |||
r-devel-linux-x86_64-fedora-gcc | 1.0.0 | 146.34 | NOTE | |||
r-devel-windows-x86_64 | 1.0.0 | 20.00 | 170.00 | 190.00 | OK | |
r-patched-linux-x86_64 | 1.0.0 | 2.26 | 114.20 | 116.46 | OK | |
r-release-linux-x86_64 | 1.0.0 | 2.26 | 113.39 | 115.65 | OK | |
r-release-macos-arm64 | 1.0.0 | 52.00 | NOTE | |||
r-release-macos-x86_64 | 1.0.0 | 83.00 | NOTE | |||
r-release-windows-x86_64 | 1.0.0 | 26.00 | 169.00 | 195.00 | OK | |
r-oldrel-macos-arm64 | 1.0.0 | 55.00 | NOTE | |||
r-oldrel-macos-x86_64 | 1.0.0 | 125.00 | NOTE | |||
r-oldrel-windows-ix86+x86_64 | 1.0.0 | 6.00 | 150.00 | 156.00 | OK |
Version: 1.0.0
Check: data for non-ASCII characters
Result: NOTE
Note: found 1 marked Latin-1 string
Note: found 360 marked UTF-8 strings
Flavors: r-devel-linux-x86_64-fedora-clang, r-devel-linux-x86_64-fedora-gcc, r-release-macos-arm64, r-release-macos-x86_64, r-oldrel-macos-arm64, r-oldrel-macos-x86_64