Last updated on 2025-10-26 01:49:47 CEST.
| Flavor | Version | Tinstall | Tcheck | Ttotal | Status | Flags |
|---|---|---|---|---|---|---|
| r-devel-linux-x86_64-debian-clang | 1.3.16 | 101.10 | 117.24 | 218.34 | NOTE | |
| r-devel-linux-x86_64-debian-gcc | 1.3.16 | 60.20 | 81.07 | 141.27 | NOTE | |
| r-devel-linux-x86_64-fedora-clang | 1.3.16 | 240.00 | 159.48 | 399.48 | OK | |
| r-devel-linux-x86_64-fedora-gcc | 1.3.16 | 452.00 | -82.22 | 369.78 | NOTE | |
| r-devel-windows-x86_64 | 1.3.16 | 130.00 | 160.00 | 290.00 | OK | |
| r-patched-linux-x86_64 | 1.3.16 | 99.20 | 110.89 | 210.09 | OK | |
| r-release-linux-x86_64 | 1.3.16 | 99.22 | 111.29 | 210.51 | OK | |
| r-release-macos-arm64 | 1.3.16 | 50.00 | 64.00 | 114.00 | OK | |
| r-release-macos-x86_64 | 1.3.16 | 45.00 | 98.00 | 143.00 | OK | |
| r-release-windows-x86_64 | 1.3.16 | 136.00 | 165.00 | 301.00 | OK | |
| r-oldrel-macos-arm64 | 1.3.16 | 33.00 | 50.00 | 83.00 | OK | |
| r-oldrel-macos-x86_64 | 1.3.16 | 52.00 | 93.00 | 145.00 | OK | |
| r-oldrel-windows-x86_64 | 1.3.16 | 150.00 | 202.00 | 352.00 | OK |
Version: 1.3.16
Check: Rd files
Result: NOTE
checkRd: (-1) CustomMethods.Rd:27-35: Only 2 columns allowed in this table (row 1 has 1)
checkRd: (-1) CustomMethods.Rd:27-35: Only 2 columns allowed in this table (row 5 has 1)
checkRd: (-1) CustomMethods.Rd:41-52: Only 2 columns allowed in this table (row 1 has 1)
checkRd: (-1) CustomMethods.Rd:41-52: Only 2 columns allowed in this table (row 3 has 1)
checkRd: (-1) CustomMethods.Rd:41-52: Only 2 columns allowed in this table (row 7 has 1)
checkRd: (-1) CustomMethods.Rd:58-64: Only 2 columns allowed in this table (row 1 has 1)
checkRd: (-1) CustomMethods.Rd:58-64: Only 2 columns allowed in this table (row 4 has 1)
checkRd: (-1) CustomMethods.Rd:58-64: Only 2 columns allowed in this table (row 5 has 1)
checkRd: (-1) CustomMethods.Rd:125-134: Only 2 columns allowed in this table (row 1 has 1)
checkRd: (-1) CustomMethods.Rd:125-134: Only 2 columns allowed in this table (row 5 has 1)
checkRd: (-1) CustomMethods.Rd:138-149: Only 2 columns allowed in this table (row 1 has 1)
checkRd: (-1) CustomMethods.Rd:138-149: Only 2 columns allowed in this table (row 7 has 1)
checkRd: (-1) CustomMethods.Rd:138-149: Only 2 columns allowed in this table (row 9 has 1)
checkRd: (-1) CustomMethods.Rd:138-149: Only 2 columns allowed in this table (row 11 has 1)
checkRd: (-1) CustomMethods.Rd:153-162: Only 2 columns allowed in this table (row 1 has 1)
checkRd: (-1) CustomMethods.Rd:153-162: Only 2 columns allowed in this table (row 5 has 1)
checkRd: (-1) CustomMethods.Rd:153-162: Only 2 columns allowed in this table (row 6 has 1)
Flavors: r-devel-linux-x86_64-debian-clang, r-devel-linux-x86_64-debian-gcc, r-devel-linux-x86_64-fedora-gcc