CRAN Package Check Results for Package ddiv

Last updated on 2022-07-03 01:48:52 CEST.

Flavor Version Tinstall Tcheck Ttotal Status Flags
r-devel-linux-x86_64-debian-clang 0.1.1 2.89 55.83 58.72 OK
r-devel-linux-x86_64-debian-gcc 0.1.1 2.38 41.50 43.88 OK
r-devel-linux-x86_64-fedora-clang 0.1.1 79.83 NOTE
r-devel-linux-x86_64-fedora-gcc 0.1.1 78.31 NOTE
r-devel-windows-x86_64 0.1.1 19.00 91.00 110.00 OK
r-patched-linux-x86_64 0.1.1 2.60 53.23 55.83 OK
r-release-linux-x86_64 0.1.1 3.28 53.37 56.65 OK
r-release-macos-arm64 0.1.1 27.00 NOTE
r-release-macos-x86_64 0.1.1 35.00 NOTE
r-release-windows-x86_64 0.1.1 17.00 94.00 111.00 OK
r-oldrel-macos-arm64 0.1.1 26.00 NOTE
r-oldrel-macos-x86_64 0.1.1 49.00 NOTE
r-oldrel-windows-ix86+x86_64 0.1.1 9.00 80.00 89.00 OK

Check Details

Version: 0.1.1
Check: dependencies in R code
Result: NOTE
    Namespaces in Imports field not imported from:
     ‘MASS’ ‘qpdf’
     All declared Imports should be used.
Flavors: r-devel-linux-x86_64-fedora-clang, r-devel-linux-x86_64-fedora-gcc, r-release-macos-arm64, r-release-macos-x86_64, r-oldrel-macos-arm64, r-oldrel-macos-x86_64