Last updated on 2023-11-30 01:53:26 CET.
Flavor | Version | Tinstall | Tcheck | Ttotal | Status | Flags |
---|---|---|---|---|---|---|
r-devel-linux-x86_64-debian-clang | 1.15.2 | 8.74 | 217.76 | 226.50 | NOTE | |
r-devel-linux-x86_64-debian-gcc | 1.15.2 | 6.53 | 157.14 | 163.67 | NOTE | |
r-devel-linux-x86_64-fedora-clang | 1.15.2 | 275.44 | NOTE | |||
r-devel-linux-x86_64-fedora-gcc | 1.15.2 | 280.76 | NOTE | |||
r-devel-windows-x86_64 | 1.15.2 | 9.00 | 265.00 | 274.00 | OK | |
r-patched-linux-x86_64 | 1.15.2 | 7.89 | 209.03 | 216.92 | OK | |
r-release-linux-x86_64 | 1.15.2 | 4.70 | 204.66 | 209.36 | OK | |
r-release-macos-arm64 | 1.15.2 | 91.00 | OK | |||
r-release-macos-x86_64 | 1.15.2 | 196.00 | OK | |||
r-release-windows-x86_64 | 1.15.2 | 13.00 | 299.00 | 312.00 | OK | |
r-oldrel-macos-arm64 | 1.15.2 | 85.00 | OK | |||
r-oldrel-macos-x86_64 | 1.15.2 | 115.00 | OK | |||
r-oldrel-windows-x86_64 | 1.15.2 | 12.00 | 298.00 | 310.00 | OK |
Version: 1.15.2
Check: Rd files
Result: NOTE
checkRd: (-1) plot.ddpcr_plate.Rd:136-137: Lost braces in \itemize; meant \describe ?
checkRd: (-1) plot.ddpcr_plate.Rd:138-139: Lost braces in \itemize; meant \describe ?
checkRd: (-1) plot.ddpcr_plate.Rd:140-141: Lost braces in \itemize; meant \describe ?
Flavors: r-devel-linux-x86_64-debian-clang, r-devel-linux-x86_64-debian-gcc
Version: 1.15.2
Check: installed package size
Result: NOTE
installed size is 5.0Mb
sub-directories of 1Mb or more:
sample_data 3.1Mb
Flavor: r-devel-linux-x86_64-fedora-clang
Version: 1.15.2
Check: dependencies in R code
Result: NOTE
Namespace in Imports field not imported from: ‘shinydisconnect’
All declared Imports should be used.
Flavors: r-devel-linux-x86_64-fedora-clang, r-devel-linux-x86_64-fedora-gcc