CRAN Package Check Results for Package ddsPLS

Last updated on 2025-07-24 02:52:10 CEST.

Flavor Version Tinstall Tcheck Ttotal Status Flags
r-devel-linux-x86_64-debian-clang 1.2.1 38.74 70.38 109.12 NOTE
r-devel-linux-x86_64-debian-gcc 1.2.1 32.61 52.05 84.66 NOTE
r-devel-linux-x86_64-fedora-clang 1.2.1 177.64 OK
r-devel-linux-x86_64-fedora-gcc 1.2.1 213.41 OK
r-devel-windows-x86_64 1.2.1 43.00 101.00 144.00 OK
r-patched-linux-x86_64 1.2.1 45.02 70.42 115.44 OK
r-release-linux-x86_64 1.2.1 42.23 70.48 112.71 OK
r-release-macos-arm64 1.2.1 79.00 OK
r-release-macos-x86_64 1.2.1 126.00 OK
r-release-windows-x86_64 1.2.1 44.00 109.00 153.00 OK
r-oldrel-macos-arm64 1.2.1 60.00 NOTE
r-oldrel-macos-x86_64 1.2.1 91.00 NOTE
r-oldrel-windows-x86_64 1.2.1 52.00 140.00 192.00 OK

Check Details

Version: 1.2.1
Check: CRAN incoming feasibility
Result: NOTE Maintainer: ‘Hadrien Lorenzo <hadrien.lorenzo.2015@gmail.com>’ No Authors@R field in DESCRIPTION. Please add one, modifying Authors@R: person(given = "Hadrien", family = "Lorenzo", role = c("aut", "cre"), email = "hadrien.lorenzo.2015@gmail.com") as necessary. Flavors: r-devel-linux-x86_64-debian-clang, r-devel-linux-x86_64-debian-gcc

Version: 1.2.1
Check: installed package size
Result: NOTE installed size is 15.2Mb sub-directories of 1Mb or more: libs 14.5Mb Flavors: r-oldrel-macos-arm64, r-oldrel-macos-x86_64