Last updated on 2025-05-07 01:49:54 CEST.
Flavor | Version | Tinstall | Tcheck | Ttotal | Status | Flags |
---|---|---|---|---|---|---|
r-devel-linux-x86_64-debian-clang | 0.2.1 | 19.78 | 271.64 | 291.42 | NOTE | |
r-devel-linux-x86_64-debian-gcc | 0.2.1 | 14.19 | 182.52 | 196.71 | NOTE | |
r-devel-linux-x86_64-fedora-clang | 0.2.1 | 500.79 | OK | |||
r-devel-linux-x86_64-fedora-gcc | 0.2.1 | 457.09 | OK | |||
r-devel-windows-x86_64 | 0.2.1 | 22.00 | 288.00 | 310.00 | OK | |
r-patched-linux-x86_64 | 0.2.1 | 19.61 | 255.98 | 275.59 | OK | |
r-release-linux-x86_64 | 0.2.1 | 19.55 | 254.56 | 274.11 | OK | |
r-release-macos-arm64 | 0.2.1 | 119.00 | OK | |||
r-release-macos-x86_64 | 0.2.1 | 249.00 | OK | |||
r-release-windows-x86_64 | 0.2.1 | 22.00 | 289.00 | 311.00 | OK | |
r-oldrel-macos-arm64 | 0.2.1 | 118.00 | NOTE | |||
r-oldrel-macos-x86_64 | 0.2.1 | 180.00 | NOTE | |||
r-oldrel-windows-x86_64 | 0.2.1 | 29.00 | 363.00 | 392.00 | NOTE |
Version: 0.2.1
Check: CRAN incoming feasibility
Result: NOTE
Maintainer: ‘Mengbing Li <mengbing@umich.edu>’
The Description field contains
<arXiv:2306.04700>.
Please refer to arXiv e-prints via their arXiv DOI <doi:10.48550/arXiv.YYMM.NNNNN>.
Flavors: r-devel-linux-x86_64-debian-clang, r-devel-linux-x86_64-debian-gcc
Version: 0.2.1
Check: installed package size
Result: NOTE
installed size is 5.1Mb
sub-directories of 1Mb or more:
data 3.9Mb
Flavors: r-oldrel-macos-arm64, r-oldrel-macos-x86_64, r-oldrel-windows-x86_64