CRAN Package Check Results for Package debugme

Last updated on 2022-05-21 02:50:42 CEST.

Flavor Version Tinstall Tcheck Ttotal Status Flags
r-devel-linux-x86_64-debian-clang 1.1.0 2.19 34.06 36.25 NOTE
r-devel-linux-x86_64-debian-gcc 1.1.0 1.65 26.37 28.02 NOTE
r-devel-linux-x86_64-fedora-clang 1.1.0 44.34 NOTE
r-devel-linux-x86_64-fedora-gcc 1.1.0 42.11 NOTE
r-devel-windows-x86_64 1.1.0 17.00 50.00 67.00 NOTE
r-patched-linux-x86_64 1.1.0 2.16 32.71 34.87 NOTE
r-release-linux-x86_64 1.1.0 1.99 33.44 35.43 NOTE
r-release-macos-arm64 1.1.0 14.00 NOTE
r-release-macos-x86_64 1.1.0 24.00 NOTE
r-release-windows-x86_64 1.1.0 17.00 51.00 68.00 NOTE
r-oldrel-macos-arm64 1.1.0 18.00 NOTE
r-oldrel-macos-x86_64 1.1.0 29.00 NOTE
r-oldrel-windows-ix86+x86_64 1.1.0 6.00 44.00 50.00 NOTE

Check Details

Version: 1.1.0
Check: LazyData
Result: NOTE
     'LazyData' is specified without a 'data' directory
Flavors: r-devel-linux-x86_64-debian-clang, r-devel-linux-x86_64-debian-gcc, r-devel-linux-x86_64-fedora-clang, r-devel-linux-x86_64-fedora-gcc, r-devel-windows-x86_64, r-patched-linux-x86_64, r-release-linux-x86_64, r-release-macos-arm64, r-release-macos-x86_64, r-release-windows-x86_64, r-oldrel-macos-arm64, r-oldrel-macos-x86_64, r-oldrel-windows-ix86+x86_64