Last updated on 2024-05-02 01:56:56 CEST.
Flavor | Version | Tinstall | Tcheck | Ttotal | Status | Flags |
---|---|---|---|---|---|---|
r-devel-linux-x86_64-debian-clang | 0.1.2 | 17.06 | 28.62 | 45.68 | NOTE | |
r-devel-linux-x86_64-debian-gcc | 0.1.2 | 14.76 | 22.63 | 37.39 | NOTE | |
r-devel-linux-x86_64-fedora-clang | 0.1.2 | 69.30 | NOTE | |||
r-devel-linux-x86_64-fedora-gcc | 0.1.2 | 65.78 | NOTE | |||
r-devel-windows-x86_64 | 0.1.2 | 18.00 | 59.00 | 77.00 | NOTE | |
r-patched-linux-x86_64 | 0.1.2 | 17.89 | 28.25 | 46.14 | NOTE | |
r-release-linux-x86_64 | 0.1.2 | 18.93 | 28.39 | 47.32 | NOTE | |
r-release-macos-arm64 | 0.1.2 | 21.00 | NOTE | |||
r-release-windows-x86_64 | 0.1.2 | 17.00 | 62.00 | 79.00 | NOTE | |
r-oldrel-macos-arm64 | 0.1.2 | 23.00 | NOTE | |||
r-oldrel-macos-x86_64 | 0.1.2 | 36.00 | NOTE | |||
r-oldrel-windows-x86_64 | 0.1.2 | 16.00 | 68.00 | 84.00 | NOTE |
Version: 0.1.2
Check: C++ specification
Result: NOTE
Specified C++11: please drop specification unless essential
Flavors: r-devel-linux-x86_64-debian-clang, r-devel-linux-x86_64-debian-gcc, r-devel-linux-x86_64-fedora-clang, r-devel-linux-x86_64-fedora-gcc, r-devel-windows-x86_64, r-patched-linux-x86_64, r-release-linux-x86_64, r-release-macos-arm64, r-release-windows-x86_64, r-oldrel-macos-arm64, r-oldrel-macos-x86_64, r-oldrel-windows-x86_64