CRAN Package Check Results for Package dematel

Last updated on 2025-07-23 02:53:55 CEST.

Flavor Version Tinstall Tcheck Ttotal Status Flags
r-devel-linux-x86_64-debian-clang 0.1.0 5.06 48.79 53.85 OK
r-devel-linux-x86_64-debian-gcc 0.1.0 3.53 37.06 40.59 OK
r-devel-linux-x86_64-fedora-clang 0.1.0 83.01 NOTE
r-devel-linux-x86_64-fedora-gcc 0.1.0 94.45 NOTE
r-devel-windows-x86_64 0.1.0 7.00 64.00 71.00 OK
r-patched-linux-x86_64 0.1.0 4.46 45.56 50.02 OK
r-release-linux-x86_64 0.1.0 3.21 46.02 49.23 OK
r-release-macos-arm64 0.1.0 40.00 OK
r-release-macos-x86_64 0.1.0 58.00 OK
r-release-windows-x86_64 0.1.0 7.00 63.00 70.00 OK
r-oldrel-macos-arm64 0.1.0 30.00 OK
r-oldrel-macos-x86_64 0.1.0 46.00 OK
r-oldrel-windows-x86_64 0.1.0 9.00 77.00 86.00 OK

Check Details

Version: 0.1.0
Check: dependencies in R code
Result: NOTE Namespace in Imports field not imported from: ‘knitr’ All declared Imports should be used. Flavors: r-devel-linux-x86_64-fedora-clang, r-devel-linux-x86_64-fedora-gcc