Last updated on 2025-05-01 01:49:28 CEST.
Flavor | Version | Tinstall | Tcheck | Ttotal | Status | Flags |
---|---|---|---|---|---|---|
r-devel-linux-x86_64-debian-clang | 0.3.0 | 37.60 | 70.32 | 107.92 | NOTE | |
r-devel-linux-x86_64-debian-gcc | 0.3.0 | 28.42 | 48.87 | 77.29 | NOTE | |
r-devel-linux-x86_64-fedora-clang | 0.3.0 | 171.89 | OK | |||
r-devel-linux-x86_64-fedora-gcc | 0.3.0 | 167.17 | OK | |||
r-devel-windows-x86_64 | 0.3.0 | 43.00 | 114.00 | 157.00 | NOTE | |
r-patched-linux-x86_64 | 0.3.0 | 39.95 | 65.23 | 105.18 | NOTE | |
r-release-linux-x86_64 | 0.3.0 | 41.68 | 65.28 | 106.96 | NOTE | |
r-release-macos-arm64 | 0.3.0 | 48.00 | OK | |||
r-release-macos-x86_64 | 0.3.0 | 78.00 | OK | |||
r-release-windows-x86_64 | 0.3.0 | 43.00 | 119.00 | 162.00 | NOTE | |
r-oldrel-macos-arm64 | 0.3.0 | 43.00 | NOTE | |||
r-oldrel-macos-x86_64 | 0.3.0 | 63.00 | NOTE | |||
r-oldrel-windows-x86_64 | 0.3.0 | 50.00 | 131.00 | 181.00 | NOTE |
Version: 0.3.0
Check: CRAN incoming feasibility
Result: NOTE
Maintainer: ‘Matthew T. Pratola <mpratola@stat.osu.edu>’
No Authors@R field in DESCRIPTION.
Please add one, modifying
Authors@R: person(given = c("Matthew", "T."),
family = "Pratola",
role = c("aut", "cre", "cph"),
email = "mpratola@stat.osu.edu")
as necessary.
The Description field contains
<arXiv:1804.02089> for Gaussian process regression models. See
Please refer to arXiv e-prints via their arXiv DOI <doi:10.48550/arXiv.YYMM.NNNNN>.
Flavors: r-devel-linux-x86_64-debian-clang, r-devel-linux-x86_64-debian-gcc
Version: 0.3.0
Check: Rd cross-references
Result: NOTE
Found the following Rd file(s) with Rd \link{} targets missing package
anchors:
sim.dpp.modal.fast.Rd: spam
sim.dpp.modal.fast.seq.Rd: spam
Please provide package anchors for all Rd \link{} targets not in the
package itself and the base packages.
Flavors: r-devel-linux-x86_64-debian-clang, r-devel-linux-x86_64-debian-gcc, r-devel-windows-x86_64, r-patched-linux-x86_64, r-release-linux-x86_64, r-release-windows-x86_64
Version: 0.3.0
Check: LazyData
Result: NOTE
'LazyData' is specified without a 'data' directory
Flavors: r-oldrel-macos-arm64, r-oldrel-macos-x86_64, r-oldrel-windows-x86_64