Last updated on 2025-05-19 01:49:51 CEST.
Flavor | Version | Tinstall | Tcheck | Ttotal | Status | Flags |
---|---|---|---|---|---|---|
r-devel-linux-x86_64-debian-clang | 0.2.0 | 10.21 | 66.37 | 76.58 | NOTE | |
r-devel-linux-x86_64-debian-gcc | 0.2.0 | 8.38 | 50.32 | 58.70 | NOTE | |
r-devel-linux-x86_64-fedora-clang | 0.2.0 | 119.08 | OK | |||
r-devel-linux-x86_64-fedora-gcc | 0.2.0 | 131.63 | OK | |||
r-devel-windows-x86_64 | 0.2.0 | 15.00 | 98.00 | 113.00 | OK | |
r-patched-linux-x86_64 | 0.2.0 | 9.39 | 62.64 | 72.03 | OK | |
r-release-linux-x86_64 | 0.2.0 | 10.20 | 63.24 | 73.44 | OK | |
r-release-macos-arm64 | 0.2.0 | 63.00 | OK | |||
r-release-macos-x86_64 | 0.2.0 | 94.00 | OK | |||
r-release-windows-x86_64 | 0.2.0 | 12.00 | 90.00 | 102.00 | OK | |
r-oldrel-macos-arm64 | 0.2.0 | 49.00 | OK | |||
r-oldrel-macos-x86_64 | 0.2.0 | 81.00 | OK | |||
r-oldrel-windows-x86_64 | 0.2.0 | 16.00 | 101.00 | 117.00 | OK |
Version: 0.2.0
Check: CRAN incoming feasibility
Result: NOTE
Maintainer: ‘James Ware <j.ware@imperial.ac.uk>’
Found the following URLs which should use \doi (with the DOI name only):
File ‘fmrpGenes.Rd’:
http://dx.doi.org/10.1016/j.cell.2011.06.013
Flavors: r-devel-linux-x86_64-debian-clang, r-devel-linux-x86_64-debian-gcc