CRAN Package Check Results for Package densityarea

Last updated on 2025-05-09 01:50:02 CEST.

Flavor Version Tinstall Tcheck Ttotal Status Flags
r-devel-linux-x86_64-debian-clang 0.1.0 6.05 127.01 133.06 NOTE
r-devel-linux-x86_64-debian-gcc 0.1.0 4.94 93.28 98.22 NOTE
r-devel-linux-x86_64-fedora-clang 0.1.0 195.95 OK
r-devel-linux-x86_64-fedora-gcc 0.1.0 212.75 OK
r-devel-windows-x86_64 0.1.0 9.00 123.00 132.00 NOTE
r-patched-linux-x86_64 0.1.0 5.50 121.04 126.54 NOTE
r-release-linux-x86_64 0.1.0 6.36 120.31 126.67 NOTE
r-release-macos-arm64 0.1.0 66.00 OK
r-release-macos-x86_64 0.1.0 147.00 OK
r-release-windows-x86_64 0.1.0 7.00 124.00 131.00 NOTE
r-oldrel-macos-arm64 0.1.0 63.00 OK
r-oldrel-macos-x86_64 0.1.0 95.00 OK
r-oldrel-windows-x86_64 0.1.0 9.00 148.00 157.00 OK

Check Details

Version: 0.1.0
Check: Rd cross-references
Result: NOTE Found the following Rd file(s) with Rd \link{} targets missing package anchors: density_polygons.Rd: sf Please provide package anchors for all Rd \link{} targets not in the package itself and the base packages. Flavors: r-devel-linux-x86_64-debian-clang, r-devel-linux-x86_64-debian-gcc, r-devel-windows-x86_64, r-patched-linux-x86_64, r-release-linux-x86_64, r-release-windows-x86_64