Last updated on 2024-04-25 01:55:09 CEST.
Flavor | Version | Tinstall | Tcheck | Ttotal | Status | Flags |
---|---|---|---|---|---|---|
r-devel-linux-x86_64-debian-clang | 0.9.16 | 11.91 | 46.68 | 58.59 | NOTE | |
r-devel-linux-x86_64-debian-gcc | 0.9.16 | 9.57 | 34.40 | 43.97 | NOTE | |
r-devel-linux-x86_64-fedora-clang | 0.9.16 | 73.86 | NOTE | |||
r-devel-linux-x86_64-fedora-gcc | 0.9.16 | 72.95 | NOTE | |||
r-devel-windows-x86_64 | 0.9.16 | 16.00 | 58.00 | 74.00 | NOTE | |
r-patched-linux-x86_64 | 0.9.16 | 15.80 | 44.33 | 60.13 | NOTE | |
r-release-linux-x86_64 | 0.9.16 | 10.55 | 44.40 | 54.95 | NOTE | |
r-release-macos-arm64 | 0.9.16 | 24.00 | NOTE | |||
r-release-windows-x86_64 | 0.9.16 | 14.00 | 58.00 | 72.00 | NOTE | |
r-oldrel-macos-arm64 | 0.9.16 | 25.00 | NOTE | |||
r-oldrel-macos-x86_64 | 0.9.16 | 38.00 | NOTE | |||
r-oldrel-windows-x86_64 | 0.9.16 | 15.00 | 62.00 | 77.00 | NOTE |
Version: 0.9.16
Check: package dependencies
Result: NOTE
Package suggested but not available for checking: ‘Rdonlp2’
Flavors: r-devel-linux-x86_64-debian-clang, r-devel-linux-x86_64-debian-gcc, r-devel-linux-x86_64-fedora-clang, r-devel-linux-x86_64-fedora-gcc, r-devel-windows-x86_64, r-patched-linux-x86_64, r-release-linux-x86_64, r-release-macos-arm64, r-release-windows-x86_64, r-oldrel-macos-arm64, r-oldrel-macos-x86_64, r-oldrel-windows-x86_64
Version: 0.9.16
Check: Rd files
Result: NOTE
checkRd: (-1) discrimination.Rd:19: Escaped LaTeX specials: \&
checkRd: (-1) fitdmm.Rd:59: Escaped LaTeX specials: \$
Flavors: r-devel-linux-x86_64-debian-clang, r-devel-linux-x86_64-debian-gcc, r-devel-linux-x86_64-fedora-clang, r-devel-linux-x86_64-fedora-gcc, r-devel-windows-x86_64, r-patched-linux-x86_64, r-release-linux-x86_64, r-release-macos-arm64, r-release-windows-x86_64, r-oldrel-macos-arm64, r-oldrel-macos-x86_64, r-oldrel-windows-x86_64