Last updated on 2025-04-30 01:50:16 CEST.
Flavor | Version | Tinstall | Tcheck | Ttotal | Status | Flags |
---|---|---|---|---|---|---|
r-devel-linux-x86_64-debian-clang | 0.5.4 | 6.26 | 43.38 | 49.64 | NOTE | |
r-devel-linux-x86_64-debian-gcc | 0.5.4 | 4.39 | 31.41 | 35.80 | NOTE | |
r-devel-linux-x86_64-fedora-clang | 0.5.4 | 84.75 | OK | |||
r-devel-linux-x86_64-fedora-gcc | 0.5.4 | 80.85 | OK | |||
r-devel-windows-x86_64 | 0.5.4 | 7.00 | 66.00 | 73.00 | OK | |
r-patched-linux-x86_64 | 0.5.4 | 6.08 | 41.26 | 47.34 | OK | |
r-release-linux-x86_64 | 0.5.4 | 6.71 | 41.32 | 48.03 | OK | |
r-release-macos-arm64 | 0.5.4 | 28.00 | OK | |||
r-release-macos-x86_64 | 0.5.4 | 43.00 | OK | |||
r-release-windows-x86_64 | 0.5.4 | 8.00 | 64.00 | 72.00 | OK | |
r-oldrel-macos-arm64 | 0.5.4 | 25.00 | NOTE | |||
r-oldrel-macos-x86_64 | 0.5.4 | 48.00 | NOTE | |||
r-oldrel-windows-x86_64 | 0.5.4 | 6.00 | 70.00 | 76.00 | NOTE |
Version: 0.5.4
Check: CRAN incoming feasibility
Result: NOTE
Maintainer: ‘Jose R. Zubizarreta <zubizarreta@hcp.med.harvard.edu>’
No Authors@R field in DESCRIPTION.
Please add one, modifying
Authors@R: c(person(given = c("Jose", "R."),
family = "Zubizarreta",
role = c("aut", "cre"),
email = "zubizarreta@hcp.med.harvard.edu"),
person(given = "Cinar",
family = "Kilcioglu",
role = "aut",
email = "ckilcioglu16@gsb.columbia.edu"),
person(given = c("Juan", "P."),
family = "Vielma",
role = "aut",
email = "jvielma@mit.edu"),
person(given = c("Eric", "R."),
family = "Cohn",
role = "aut",
email = "ericcohn@g.harvard.edu"))
as necessary.
Flavors: r-devel-linux-x86_64-debian-clang, r-devel-linux-x86_64-debian-gcc
Version: 0.5.4
Check: package dependencies
Result: NOTE
Packages which this enhances but not available for checking:
'gurobi', 'Rcplex'
Flavors: r-oldrel-macos-arm64, r-oldrel-macos-x86_64, r-oldrel-windows-x86_64