Last updated on 2025-05-18 02:49:34 CEST.
Flavor | Version | Tinstall | Tcheck | Ttotal | Status | Flags |
---|---|---|---|---|---|---|
r-devel-linux-x86_64-debian-clang | 0.6.15 | 73.30 | 121.67 | 194.97 | OK | |
r-devel-linux-x86_64-debian-gcc | 0.6.15 | 53.85 | 86.03 | 139.88 | OK | |
r-devel-linux-x86_64-fedora-clang | 0.6.15 | 336.63 | OK | |||
r-devel-linux-x86_64-fedora-gcc | 0.6.15 | 357.95 | OK | |||
r-devel-windows-x86_64 | 0.6.15 | 114.00 | 134.00 | 248.00 | OK | |
r-patched-linux-x86_64 | 0.6.15 | 68.24 | 113.22 | 181.46 | OK | |
r-release-linux-x86_64 | 0.6.15 | 72.43 | 113.00 | 185.43 | OK | |
r-release-macos-arm64 | 0.6.15 | 84.00 | OK | |||
r-release-macos-x86_64 | 0.6.15 | 134.00 | OK | |||
r-release-windows-x86_64 | 0.6.15 | 104.00 | 150.00 | 254.00 | OK | |
r-oldrel-macos-arm64 | 0.6.15 | 51.00 | NOTE | |||
r-oldrel-macos-x86_64 | 0.6.15 | 76.00 | NOTE | |||
r-oldrel-windows-x86_64 | 0.6.15 | 125.00 | 164.00 | 289.00 | NOTE |
Version: 0.6.15
Check: for GNU extensions in Makefiles
Result: NOTE
GNU make is a SystemRequirements.
Flavors: r-oldrel-macos-arm64, r-oldrel-macos-x86_64, r-oldrel-windows-x86_64