CRAN Package Check Results for Package dfoliatR

Last updated on 2022-05-22 01:51:24 CEST.

Flavor Version Tinstall Tcheck Ttotal Status Flags
r-devel-linux-x86_64-debian-clang 0.2.0 8.13 102.62 110.75 OK
r-devel-linux-x86_64-debian-gcc 0.2.0 5.93 75.99 81.92 OK
r-devel-linux-x86_64-fedora-clang 0.2.0 126.94 NOTE
r-devel-linux-x86_64-fedora-gcc 0.2.0 123.04 NOTE
r-devel-windows-x86_64 0.2.0 34.00 126.00 160.00 OK
r-patched-linux-x86_64 0.2.0 8.00 96.09 104.09 OK
r-release-linux-x86_64 0.2.0 6.91 96.05 102.96 OK
r-release-macos-arm64 0.2.0 36.00 NOTE
r-release-macos-x86_64 0.2.0 66.00 NOTE
r-release-windows-x86_64 0.2.0 52.00 122.00 174.00 OK
r-oldrel-macos-arm64 0.2.0 47.00 NOTE
r-oldrel-macos-x86_64 0.2.0 68.00 NOTE
r-oldrel-windows-ix86+x86_64 0.2.0 18.00 113.00 131.00 OK

Check Details

Version: 0.2.0
Check: dependencies in R code
Result: NOTE
    Namespaces in Imports field not imported from:
     ‘MASS’ ‘plyr’
     All declared Imports should be used.
Flavors: r-devel-linux-x86_64-fedora-clang, r-devel-linux-x86_64-fedora-gcc, r-release-macos-arm64, r-release-macos-x86_64, r-oldrel-macos-arm64, r-oldrel-macos-x86_64